Last updated on 2025-05-10 08:50:40 CEST.
Flavor | Version | Tinstall | Tcheck | Ttotal | Status | Flags |
---|---|---|---|---|---|---|
r-devel-linux-x86_64-debian-clang | 2.1.4 | 239.53 | 410.60 | 650.13 | NOTE | |
r-devel-linux-x86_64-debian-gcc | 2.1.4 | 176.16 | 277.18 | 453.34 | NOTE | |
r-devel-linux-x86_64-fedora-clang | 2.1.4 | 1156.28 | NOTE | |||
r-devel-linux-x86_64-fedora-gcc | 2.1.4 | 1159.60 | NOTE | |||
r-devel-windows-x86_64 | 2.1.4 | 518.00 | 499.00 | 1017.00 | NOTE | |
r-patched-linux-x86_64 | 2.1.4 | 259.88 | 386.26 | 646.14 | NOTE | |
r-release-linux-x86_64 | 2.1.4 | 241.23 | 388.13 | 629.36 | NOTE | |
r-release-macos-arm64 | 2.1.4 | 292.00 | NOTE | |||
r-release-macos-x86_64 | 2.1.4 | 395.00 | NOTE | |||
r-release-windows-x86_64 | 2.1.4 | 534.00 | 494.00 | 1028.00 | NOTE | |
r-oldrel-macos-arm64 | 2.1.4 | 271.00 | NOTE | |||
r-oldrel-macos-x86_64 | 2.1.4 | 408.00 | NOTE | |||
r-oldrel-windows-x86_64 | 2.1.4 | 579.00 | 593.00 | 1172.00 | NOTE |
Version: 2.1.4
Check: compiled code
Result: NOTE
File ‘igraph/libs/igraph.so’:
Found non-API call to R: ‘Rf_allocSExp’
Compiled code should not call non-API entry points in R.
See ‘Writing portable packages’ in the ‘Writing R Extensions’ manual,
and section ‘Moving into C API compliance’ for issues with the use of
non-API entry points.
Flavors: r-devel-linux-x86_64-debian-clang, r-devel-linux-x86_64-debian-gcc, r-devel-linux-x86_64-fedora-clang, r-devel-linux-x86_64-fedora-gcc, r-patched-linux-x86_64, r-release-linux-x86_64, r-release-macos-arm64, r-release-macos-x86_64
Version: 2.1.4
Check: compiled code
Result: NOTE
File 'igraph/libs/x64/igraph.dll':
Found non-API call to R: 'Rf_allocSExp'
Compiled code should not call non-API entry points in R.
See 'Writing portable packages' in the 'Writing R Extensions' manual,
and section 'Moving into C API compliance' for issues with the use of
non-API entry points.
Flavors: r-devel-windows-x86_64, r-release-windows-x86_64
Version: 2.1.4
Check: installed package size
Result: NOTE
installed size is 23.8Mb
sub-directories of 1Mb or more:
R 2.1Mb
doc 1.2Mb
help 2.9Mb
libs 17.1Mb
Flavors: r-oldrel-macos-arm64, r-oldrel-macos-x86_64, r-oldrel-windows-x86_64