Last updated on 2025-05-10 08:50:40 CEST.
Flavor | Version | Tinstall | Tcheck | Ttotal | Status | Flags |
---|---|---|---|---|---|---|
r-devel-linux-x86_64-debian-clang | 1.0.4 | 2.36 | 128.95 | 131.31 | NOTE | |
r-devel-linux-x86_64-debian-gcc | 1.0.4 | 1.93 | 188.89 | 190.82 | NOTE | |
r-devel-linux-x86_64-fedora-clang | 1.0.4 | 173.60 | OK | |||
r-devel-linux-x86_64-fedora-gcc | 1.0.4 | 185.56 | OK | |||
r-devel-windows-x86_64 | 1.0.4 | 4.00 | 225.00 | 229.00 | OK | |
r-patched-linux-x86_64 | 1.0.4 | 3.07 | 124.21 | 127.28 | OK | |
r-release-linux-x86_64 | 1.0.4 | 2.44 | 125.02 | 127.46 | OK | |
r-release-macos-arm64 | 1.0.4 | 99.00 | OK | |||
r-release-macos-x86_64 | 1.0.4 | 151.00 | OK | |||
r-release-windows-x86_64 | 1.0.4 | 4.00 | 236.00 | 240.00 | OK | |
r-oldrel-macos-arm64 | 1.0.4 | 88.00 | OK | |||
r-oldrel-macos-x86_64 | 1.0.4 | 111.00 | OK | |||
r-oldrel-windows-x86_64 | 1.0.4 | 4.00 | 217.00 | 221.00 | OK |
Version: 1.0.4
Check: CRAN incoming feasibility
Result: NOTE
Maintainer: ‘Irucka Embry <iembry@ecoccs.com>’
No Authors@R field in DESCRIPTION.
Please add one, modifying
Authors@R: person(given = "Irucka",
family = "Embry",
role = c("aut", "cre"),
email = "iembry@ecoccs.com")
as necessary.
Flavors: r-devel-linux-x86_64-debian-clang, r-devel-linux-x86_64-debian-gcc