Last updated on 2025-05-11 00:49:38 CEST.
Flavor | Version | Tinstall | Tcheck | Ttotal | Status | Flags |
---|---|---|---|---|---|---|
r-devel-linux-x86_64-debian-clang | 1.1-7 | 6.07 | 79.19 | 85.26 | NOTE | |
r-devel-linux-x86_64-debian-gcc | 1.1-7 | 4.45 | 58.28 | 62.73 | NOTE | |
r-devel-linux-x86_64-fedora-clang | 1.1-7 | 133.74 | OK | |||
r-devel-linux-x86_64-fedora-gcc | 1.1-7 | 147.30 | OK | |||
r-devel-windows-x86_64 | 1.1-7 | 6.00 | 114.00 | 120.00 | OK | |
r-patched-linux-x86_64 | 1.1-7 | 6.03 | 76.29 | 82.32 | OK | |
r-release-linux-x86_64 | 1.1-7 | 5.84 | 75.28 | 81.12 | OK | |
r-release-macos-arm64 | 1.1-7 | 57.00 | OK | |||
r-release-macos-x86_64 | 1.1-7 | 100.00 | OK | |||
r-release-windows-x86_64 | 1.1-7 | 7.00 | 116.00 | 123.00 | OK | |
r-oldrel-macos-arm64 | 1.1-7 | 47.00 | OK | |||
r-oldrel-macos-x86_64 | 1.1-7 | 72.00 | OK | |||
r-oldrel-windows-x86_64 | 1.1-7 | 8.00 | 141.00 | 149.00 | OK |
Version: 1.1-7
Check: CRAN incoming feasibility
Result: NOTE
Maintainer: ‘Ulrike Groemping <ulrike.groemping@bht-berlin.de>’
No Authors@R field in DESCRIPTION.
Please add one, modifying
Authors@R: person(given = "Ulrike",
family = "Groemping",
role = c("aut", "cre"),
email = "ulrike.groemping@bht-berlin.de")
as necessary.
Flavors: r-devel-linux-x86_64-debian-clang, r-devel-linux-x86_64-debian-gcc