Last updated on 2025-10-08 16:48:56 CEST.
Flavor | Version | Tinstall | Tcheck | Ttotal | Status | Flags |
---|---|---|---|---|---|---|
r-devel-linux-x86_64-debian-clang | 0.100.2 | 18.09 | 158.02 | 176.11 | NOTE | |
r-devel-linux-x86_64-debian-gcc | 0.100.2 | 12.87 | 105.15 | 118.02 | NOTE | |
r-devel-linux-x86_64-fedora-clang | 0.100.2 | 254.27 | OK | |||
r-devel-linux-x86_64-fedora-gcc | 0.100.2 | 254.75 | OK | |||
r-devel-windows-x86_64 | 0.100.2 | 21.00 | 169.00 | 190.00 | NOTE | |
r-patched-linux-x86_64 | 0.100.2 | 17.97 | 148.12 | 166.09 | NOTE | |
r-release-linux-x86_64 | 0.100.2 | 16.30 | 147.03 | 163.33 | NOTE | |
r-release-macos-arm64 | 0.100.2 | 85.00 | OK | |||
r-release-macos-x86_64 | 0.100.2 | 138.00 | OK | |||
r-release-windows-x86_64 | 0.100.2 | 21.00 | 166.00 | 187.00 | NOTE | |
r-oldrel-macos-arm64 | 0.100.2 | 70.00 | OK | |||
r-oldrel-macos-x86_64 | 0.100.2 | 132.00 | OK | |||
r-oldrel-windows-x86_64 | 0.100.2 | 29.00 | 211.00 | 240.00 | OK |
Version: 0.100.2
Check: Rd cross-references
Result: NOTE
Found the following Rd file(s) with Rd \link{} targets missing package
anchors:
map-sel-poly.Rd: levelplot
Please provide package anchors for all Rd \link{} targets not in the
package itself and the base packages.
Flavors: r-devel-linux-x86_64-debian-clang, r-devel-linux-x86_64-debian-gcc, r-devel-windows-x86_64, r-patched-linux-x86_64, r-release-linux-x86_64, r-release-windows-x86_64