Last updated on 2025-10-20 22:48:58 CEST.
Flavor | Version | Tinstall | Tcheck | Ttotal | Status | Flags |
---|---|---|---|---|---|---|
r-devel-linux-x86_64-debian-clang | 2.4.3 | 5.28 | 108.54 | 113.82 | OK | |
r-devel-linux-x86_64-debian-gcc | 2.4.3 | 4.59 | 75.45 | 80.04 | NOTE | |
r-devel-linux-x86_64-fedora-clang | 2.4.3 | 174.87 | OK | |||
r-devel-linux-x86_64-fedora-gcc | 2.4.3 | 193.21 | OK | |||
r-devel-windows-x86_64 | 2.4.3 | 9.00 | 123.00 | 132.00 | OK | |
r-patched-linux-x86_64 | 2.4.3 | 5.82 | 99.56 | 105.38 | OK | |
r-release-linux-x86_64 | 2.4.3 | 6.29 | 99.43 | 105.72 | OK | |
r-release-macos-arm64 | 2.4.3 | 57.00 | OK | |||
r-release-macos-x86_64 | 2.4.3 | 116.00 | OK | |||
r-release-windows-x86_64 | 2.4.3 | 10.00 | 121.00 | 131.00 | OK | |
r-oldrel-macos-arm64 | 2.4.3 | 59.00 | OK | |||
r-oldrel-macos-x86_64 | 2.4.3 | 168.00 | OK | |||
r-oldrel-windows-x86_64 | 2.4.3 | 12.00 | 153.00 | 165.00 | OK |
Version: 2.4.3
Check: HTML version of manual
Result: NOTE
Found the following HTML validation problems:
prAttr4RgroupAdd.html:57:1 (prAttr4RgroupAdd.Rd:16): Warning: missing </ul> before </div>
prExtractElementsAndConvertToTbl.html:50:1 (prExtractElementsAndConvertToTbl.Rd:13): Warning: missing </ul> before </div>
prGetAlign.html:61:1 (prGetAlign.Rd:23): Warning: missing </ul> before </div>
prGetRgroupLine.html:99:1 (prGetRgroupLine.Rd:47): Warning: missing </ul> before </div>
prSkipRownames.html:50:1 (prSkipRownames.Rd:14): Warning: missing </ul> before </div>
Flavor: r-devel-linux-x86_64-debian-gcc