Last updated on 2025-10-31 03:50:07 CET.
| Flavor | Version | Tinstall | Tcheck | Ttotal | Status | Flags | 
|---|---|---|---|---|---|---|
| r-devel-linux-x86_64-debian-clang | 0.0.1 | 57.78 | 496.94 | 554.72 | OK | |
| r-devel-linux-x86_64-debian-gcc | 0.0.1 | 41.28 | 378.15 | 419.43 | OK | |
| r-devel-linux-x86_64-fedora-clang | 0.0.1 | 411.00 | 495.84 | 906.84 | OK | |
| r-devel-linux-x86_64-fedora-gcc | 0.0.1 | 262.00 | 629.54 | 891.54 | OK | |
| r-devel-windows-x86_64 | 0.0.1 | 53.00 | 473.00 | 526.00 | OK | |
| r-patched-linux-x86_64 | 0.0.1 | 0.29 | 2.09 | 2.38 | ERROR | |
| r-release-linux-x86_64 | 0.0.1 | 47.28 | 471.04 | 518.32 | OK | |
| r-release-macos-arm64 | 0.0.1 | 24.00 | 188.00 | 212.00 | OK | |
| r-release-macos-x86_64 | 0.0.1 | 32.00 | ERROR | |||
| r-release-windows-x86_64 | 0.0.1 | 53.00 | 434.00 | 487.00 | OK | |
| r-oldrel-macos-arm64 | 0.0.1 | 25.00 | 193.00 | 218.00 | OK | |
| r-oldrel-macos-x86_64 | 0.0.1 | 12.00 | ERROR | |||
| r-oldrel-windows-x86_64 | 0.0.1 | 68.00 | 556.00 | 624.00 | OK | 
Version: 0.0.1
Check: package dependencies
Result: ERROR
  Packages required but not available:
    'csaw', 'diffHic', 'GenomeInfoDb', 'InteractionSet',
    'SummarizedExperiment'
  
  See section ‘The DESCRIPTION file’ in the ‘Writing R Extensions’
  manual.
Flavor: r-patched-linux-x86_64
Version: 0.0.1
Check: package dependencies
Result: ERROR
  Package required but not available: ‘diffHic’
  
  See section ‘The DESCRIPTION file’ in the ‘Writing R Extensions’
  manual.
Flavors: r-release-macos-x86_64, r-oldrel-macos-x86_64