Last updated on 2025-10-31 15:48:41 CET.
| Flavor | Version | Tinstall | Tcheck | Ttotal | Status | Flags | 
|---|---|---|---|---|---|---|
| r-devel-linux-x86_64-debian-clang | 0.6 | 5.83 | 108.29 | 114.12 | NOTE | |
| r-devel-linux-x86_64-debian-gcc | 0.6 | 4.62 | 70.86 | 75.48 | NOTE | |
| r-devel-linux-x86_64-fedora-clang | 0.6 | 23.00 | 166.71 | 189.71 | NOTE | |
| r-devel-linux-x86_64-fedora-gcc | 0.6 | 12.00 | 165.68 | 177.68 | NOTE | |
| r-devel-windows-x86_64 | 0.6 | 9.00 | 116.00 | 125.00 | OK | |
| r-patched-linux-x86_64 | 0.6 | 6.27 | 99.97 | 106.24 | OK | |
| r-release-linux-x86_64 | 0.6 | 5.91 | 97.52 | 103.43 | OK | |
| r-release-macos-arm64 | 0.6 | 3.00 | 57.00 | 60.00 | OK | |
| r-release-macos-x86_64 | 0.6 | 5.00 | 84.00 | 89.00 | OK | |
| r-release-windows-x86_64 | 0.6 | 11.00 | 118.00 | 129.00 | OK | |
| r-oldrel-macos-arm64 | 0.6 | 3.00 | 47.00 | 50.00 | OK | |
| r-oldrel-macos-x86_64 | 0.6 | 4.00 | 92.00 | 96.00 | OK | |
| r-oldrel-windows-x86_64 | 0.6 | 12.00 | 149.00 | 161.00 | OK | 
Version: 0.6
Check: CRAN incoming feasibility
Result: NOTE
  Maintainer: ‘Mark Heckmann <heckmann.mark@gmail.com>’
  
  Package CITATION file contains call(s) to old-style citEntry().  Please
  use bibentry() instead.
Flavors: r-devel-linux-x86_64-debian-clang, r-devel-linux-x86_64-debian-gcc
Version: 0.6
Check: dependencies in R code
Result: NOTE
  Namespace in Imports field not imported from: ‘BiasedUrn’
    All declared Imports should be used.
Flavors: r-devel-linux-x86_64-fedora-clang, r-devel-linux-x86_64-fedora-gcc