CRAN Package Check Results for Package gptoolsStan

Last updated on 2025-05-08 10:52:41 CEST.

Flavor Version Tinstall Tcheck Ttotal Status Flags
r-devel-linux-x86_64-debian-clang 1.0.0 1.33 21.08 22.41 OK
r-devel-linux-x86_64-debian-gcc 1.0.0 1.33 18.64 19.97 OK
r-devel-linux-x86_64-fedora-clang 1.0.0 37.63 OK
r-devel-linux-x86_64-fedora-gcc 1.0.0 51.89 OK
r-devel-windows-x86_64 1.0.0 2.00 43.00 45.00 OK
r-patched-linux-x86_64 1.0.0 1.51 18.96 20.47 OK
r-release-linux-x86_64 1.0.0 1.56 19.25 20.81 OK
r-release-macos-arm64 1.0.0 23.00 OK
r-release-macos-x86_64 1.0.0 38.00 OK
r-release-windows-x86_64 1.0.0 3.00 42.00 45.00 OK
r-oldrel-macos-arm64 1.0.0 31.00 NOTE
r-oldrel-macos-x86_64 1.0.0 80.00 NOTE
r-oldrel-windows-x86_64 1.0.0 3.00 44.00 47.00 NOTE

Check Details

Version: 1.0.0
Check: package dependencies
Result: NOTE Package suggested but not available for checking: ‘cmdstanr’ Flavors: r-oldrel-macos-arm64, r-oldrel-macos-x86_64, r-oldrel-windows-x86_64