Last updated on 2025-11-01 17:48:34 CET.
| Flavor | Version | Tinstall | Tcheck | Ttotal | Status | Flags |
|---|---|---|---|---|---|---|
| r-devel-linux-x86_64-debian-clang | 1.6.3 | 1168.06 | 103.69 | 1271.75 | OK | |
| r-devel-linux-x86_64-debian-gcc | 1.6.3 | 900.47 | 126.86 | 1027.33 | OK | |
| r-devel-linux-x86_64-fedora-clang | 1.6.3 | 3480.00 | -1214.44 | 2265.56 | OK | |
| r-devel-linux-x86_64-fedora-gcc | 1.6.3 | 1620.00 | 734.12 | 2354.12 | OK | |
| r-devel-windows-x86_64 | 1.6.3 | 1094.00 | 274.00 | 1368.00 | OK | |
| r-patched-linux-x86_64 | 1.6.3 | 1229.73 | 169.89 | 1399.62 | OK | |
| r-release-linux-x86_64 | 1.6.3 | 1245.27 | 168.80 | 1414.07 | OK | |
| r-release-macos-arm64 | 1.6.3 | 501.00 | 71.00 | 572.00 | OK | |
| r-release-macos-x86_64 | 1.6.3 | 780.00 | 124.00 | 904.00 | OK | |
| r-release-windows-x86_64 | 1.6.3 | 1141.00 | 271.00 | 1412.00 | OK | |
| r-oldrel-macos-arm64 | 1.6.3 | 477.00 | 75.00 | 552.00 | NOTE | |
| r-oldrel-macos-x86_64 | 1.6.3 | 780.00 | 113.00 | 893.00 | NOTE | |
| r-oldrel-windows-x86_64 | 1.6.3 | 1248.00 | 303.00 | 1551.00 | NOTE |
Version: 1.6.3
Check: installed package size
Result: NOTE
installed size is 256.9Mb
sub-directories of 1Mb or more:
libs 255.8Mb
Flavors: r-oldrel-macos-arm64, r-oldrel-macos-x86_64, r-oldrel-windows-x86_64