Last updated on 2025-07-08 18:53:13 CEST.
Flavor | Version | Tinstall | Tcheck | Ttotal | Status | Flags |
---|---|---|---|---|---|---|
r-devel-linux-x86_64-debian-clang | 0.0.2 | 81.27 | 208.11 | 289.38 | OK | |
r-devel-linux-x86_64-debian-gcc | 0.0.2 | 52.42 | 142.64 | 195.06 | OK | |
r-devel-linux-x86_64-fedora-clang | 0.0.2 | 516.69 | OK | |||
r-devel-linux-x86_64-fedora-gcc | 0.0.2 | 443.12 | OK | |||
r-devel-windows-x86_64 | 0.0.2 | 86.00 | 320.00 | 406.00 | OK | |
r-patched-linux-x86_64 | 0.0.2 | 71.37 | 204.55 | 275.92 | OK | |
r-release-linux-x86_64 | 0.0.2 | 67.53 | 203.12 | 270.65 | OK | |
r-release-macos-arm64 | 0.0.2 | 137.00 | OK | |||
r-release-macos-x86_64 | 0.0.2 | 317.00 | OK | |||
r-release-windows-x86_64 | 0.0.2 | 89.00 | 304.00 | 393.00 | OK | |
r-oldrel-macos-arm64 | 0.0.2 | 162.00 | NOTE | |||
r-oldrel-macos-x86_64 | 0.0.2 | 310.00 | NOTE | |||
r-oldrel-windows-x86_64 | 0.0.2 | 109.00 | 345.00 | 454.00 | OK |
Version: 0.0.2
Check: installed package size
Result: NOTE
installed size is 5.6Mb
sub-directories of 1Mb or more:
doc 1.7Mb
libs 3.7Mb
Flavors: r-oldrel-macos-arm64, r-oldrel-macos-x86_64