Last updated on 2025-10-31 20:48:40 CET.
| Flavor | Version | Tinstall | Tcheck | Ttotal | Status | Flags | 
|---|---|---|---|---|---|---|
| r-devel-linux-x86_64-debian-clang | 0.2 | 3.81 | 20.93 | 24.74 | NOTE | |
| r-devel-linux-x86_64-debian-gcc | 0.2 | 2.79 | 17.40 | 20.19 | NOTE | |
| r-devel-linux-x86_64-fedora-clang | 0.2 | 12.00 | 24.98 | 36.98 | OK | |
| r-devel-linux-x86_64-fedora-gcc | 0.2 | 34.17 | OK | |||
| r-devel-windows-x86_64 | 0.2 | 7.00 | 42.00 | 49.00 | OK | |
| r-patched-linux-x86_64 | 0.2 | 3.10 | 20.32 | 23.42 | OK | |
| r-release-linux-x86_64 | 0.2 | 3.49 | 20.06 | 23.55 | OK | |
| r-release-macos-arm64 | 0.2 | 3.00 | 15.00 | 18.00 | OK | |
| r-release-macos-x86_64 | 0.2 | 4.00 | 22.00 | 26.00 | OK | |
| r-release-windows-x86_64 | 0.2 | 8.00 | 43.00 | 51.00 | OK | |
| r-oldrel-macos-arm64 | 0.2 | 3.00 | 12.00 | 15.00 | OK | |
| r-oldrel-macos-x86_64 | 0.2 | 4.00 | 19.00 | 23.00 | OK | |
| r-oldrel-windows-x86_64 | 0.2 | 8.00 | 47.00 | 55.00 | OK | 
Version: 0.2
Check: CRAN incoming feasibility
Result: NOTE
  Maintainer: ‘Canhong Wen <wencanhong@gmail.com>’
  
  No Authors@R field in DESCRIPTION.
  Please add one, modifying
    Authors@R: c(person(given = "Canhong",
                        family = "Wen",
                        role = c("aut", "cre"),
                        email = "wencanhong@gmail.com"),
                 person(given = "Hao",
                        family = "Lin",
                        role = "aut"),
                 person(given = "Xueqin",
                        family = "Wang",
                        role = "aut"))
  as necessary.
Flavors: r-devel-linux-x86_64-debian-clang, r-devel-linux-x86_64-debian-gcc