Last updated on 2025-05-09 11:50:25 CEST.
Flavor | Version | Tinstall | Tcheck | Ttotal | Status | Flags |
---|---|---|---|---|---|---|
r-devel-linux-x86_64-debian-clang | 1.1.9 | 11.63 | 121.59 | 133.22 | NOTE | |
r-devel-linux-x86_64-debian-gcc | 1.1.9 | 7.48 | 83.74 | 91.22 | NOTE | |
r-devel-linux-x86_64-fedora-clang | 1.1.9 | 196.29 | OK | |||
r-devel-linux-x86_64-fedora-gcc | 1.1.9 | 219.65 | OK | |||
r-devel-windows-x86_64 | 1.1.9 | 12.00 | 128.00 | 140.00 | NOTE | |
r-patched-linux-x86_64 | 1.1.9 | 10.86 | 114.45 | 125.31 | NOTE | |
r-release-linux-x86_64 | 1.1.9 | 10.84 | 116.51 | 127.35 | NOTE | |
r-release-macos-arm64 | 1.1.9 | 60.00 | OK | |||
r-release-macos-x86_64 | 1.1.9 | 113.00 | OK | |||
r-release-windows-x86_64 | 1.1.9 | 15.00 | 132.00 | 147.00 | NOTE | |
r-oldrel-macos-arm64 | 1.1.9 | 57.00 | OK | |||
r-oldrel-macos-x86_64 | 1.1.9 | 84.00 | OK | |||
r-oldrel-windows-x86_64 | 1.1.9 | 17.00 | 163.00 | 180.00 | OK |
Version: 1.1.9
Check: Rd cross-references
Result: NOTE
Found the following Rd file(s) with Rd \link{} targets missing package
anchors:
layer_spatial.Raster.Rd: geom_raster
layer_spatial.SpatRaster.Rd: geom_raster
layer_spatial.stars.Rd: geom_raster
Please provide package anchors for all Rd \link{} targets not in the
package itself and the base packages.
Flavors: r-devel-linux-x86_64-debian-clang, r-devel-linux-x86_64-debian-gcc, r-devel-windows-x86_64, r-patched-linux-x86_64, r-release-linux-x86_64, r-release-windows-x86_64