CRAN Package Check Results for Package geospark

Last updated on 2025-05-11 23:49:57 CEST.

Flavor Version Tinstall Tcheck Ttotal Status Flags
r-devel-linux-x86_64-debian-clang 0.3.1 6.20 54.87 61.07 OK
r-devel-linux-x86_64-debian-gcc 0.3.1 4.22 39.18 43.40 OK
r-devel-linux-x86_64-fedora-clang 0.3.1 89.92 NOTE
r-devel-linux-x86_64-fedora-gcc 0.3.1 90.60 NOTE
r-devel-windows-x86_64 0.3.1 7.00 64.00 71.00 OK
r-patched-linux-x86_64 0.3.1 6.00 49.14 55.14 OK
r-release-linux-x86_64 0.3.1 6.17 48.73 54.90 OK
r-release-macos-arm64 0.3.1 33.00 OK
r-release-macos-x86_64 0.3.1 52.00 OK
r-release-windows-x86_64 0.3.1 7.00 65.00 72.00 OK
r-oldrel-macos-arm64 0.3.1 34.00 NOTE
r-oldrel-macos-x86_64 0.3.1 48.00 NOTE
r-oldrel-windows-x86_64 0.3.1 9.00 77.00 86.00 NOTE

Check Details

Version: 0.3.1
Check: dependencies in R code
Result: NOTE Namespace in Imports field not imported from: ‘dbplyr’ All declared Imports should be used. Flavors: r-devel-linux-x86_64-fedora-clang, r-devel-linux-x86_64-fedora-gcc

Version: 0.3.1
Check: LazyData
Result: NOTE 'LazyData' is specified without a 'data' directory Flavors: r-oldrel-macos-arm64, r-oldrel-macos-x86_64, r-oldrel-windows-x86_64