Last updated on 2025-10-31 22:49:59 CET.
| Flavor | Version | Tinstall | Tcheck | Ttotal | Status | Flags | 
|---|---|---|---|---|---|---|
| r-devel-linux-x86_64-debian-clang | 0.2.1 | 1.82 | 26.53 | 28.35 | NOTE | |
| r-devel-linux-x86_64-debian-gcc | 0.2.1 | 1.62 | 20.70 | 22.32 | NOTE | |
| r-devel-linux-x86_64-fedora-clang | 0.2.1 | 45.34 | OK | |||
| r-devel-linux-x86_64-fedora-gcc | 0.2.1 | 41.79 | OK | |||
| r-devel-windows-x86_64 | 0.2.1 | 4.00 | 40.00 | 44.00 | OK | |
| r-patched-linux-x86_64 | 0.2.1 | 2.19 | 24.68 | 26.87 | OK | |
| r-release-linux-x86_64 | 0.2.1 | 1.97 | 24.98 | 26.95 | OK | |
| r-release-macos-arm64 | 0.2.1 | 1.00 | 16.00 | 17.00 | OK | |
| r-release-macos-x86_64 | 0.2.1 | 2.00 | 24.00 | 26.00 | OK | |
| r-release-windows-x86_64 | 0.2.1 | 3.00 | 43.00 | 46.00 | OK | |
| r-oldrel-macos-arm64 | 0.2.1 | 1.00 | 15.00 | 16.00 | OK | |
| r-oldrel-macos-x86_64 | 0.2.1 | 2.00 | 21.00 | 23.00 | OK | |
| r-oldrel-windows-x86_64 | 0.2.1 | 2.00 | 42.00 | 44.00 | OK | 
Version: 0.2.1
Check: CRAN incoming feasibility
Result: NOTE
  Maintainer: ‘Michel Ballings <Michel.Ballings@gmail.com>’
  
  No Authors@R field in DESCRIPTION.
  Please add one, modifying
    Authors@R: c(person(given = "Egon",
                        family = "Willighagen",
                        role = "aut"),
                 person(given = "Michel",
                        family = "Ballings",
                        role = c("aut", "cre"),
                        email = "michel.ballings@gmail.com"))
  as necessary.
Flavors: r-devel-linux-x86_64-debian-clang, r-devel-linux-x86_64-debian-gcc