Last updated on 2025-05-11 23:49:57 CEST.
Flavor | Version | Tinstall | Tcheck | Ttotal | Status | Flags |
---|---|---|---|---|---|---|
r-devel-linux-x86_64-debian-clang | 1.0.0 | 4.04 | 40.08 | 44.12 | NOTE | |
r-devel-linux-x86_64-debian-gcc | 1.0.0 | 2.68 | 30.42 | 33.10 | NOTE | |
r-devel-linux-x86_64-fedora-clang | 1.0.0 | 70.91 | OK | |||
r-devel-linux-x86_64-fedora-gcc | 1.0.0 | 82.72 | OK | |||
r-devel-windows-x86_64 | 1.0.0 | 6.00 | 57.00 | 63.00 | OK | |
r-patched-linux-x86_64 | 1.0.0 | 4.12 | 36.38 | 40.50 | OK | |
r-release-linux-x86_64 | 1.0.0 | 3.92 | 36.06 | 39.98 | OK | |
r-release-macos-arm64 | 1.0.0 | 34.00 | OK | |||
r-release-macos-x86_64 | 1.0.0 | 57.00 | OK | |||
r-release-windows-x86_64 | 1.0.0 | 6.00 | 56.00 | 62.00 | OK | |
r-oldrel-macos-arm64 | 1.0.0 | 36.00 | OK | |||
r-oldrel-macos-x86_64 | 1.0.0 | 49.00 | OK | |||
r-oldrel-windows-x86_64 | 1.0.0 | 6.00 | 67.00 | 73.00 | OK |
Version: 1.0.0
Check: CRAN incoming feasibility
Result: NOTE
Maintainer: ‘Carl Boettiger <cboettig@gmail.com>’
The BugReports field in DESCRIPTION has
https://github.com/ropensci/gbifdb
which should likely be
https://github.com/ropensci/gbifdb/issues
instead.
Flavors: r-devel-linux-x86_64-debian-clang, r-devel-linux-x86_64-debian-gcc