Last updated on 2025-05-10 04:51:43 CEST.
Flavor | Version | Tinstall | Tcheck | Ttotal | Status | Flags |
---|---|---|---|---|---|---|
r-devel-linux-x86_64-debian-clang | 5.1-13 | 8.12 | 74.07 | 82.19 | NOTE | |
r-devel-linux-x86_64-debian-gcc | 5.1-13 | 6.59 | 53.55 | 60.14 | NOTE | |
r-devel-linux-x86_64-fedora-clang | 5.1-13 | 132.38 | OK | |||
r-devel-linux-x86_64-fedora-gcc | 5.1-13 | 118.00 | OK | |||
r-devel-windows-x86_64 | 5.1-13 | 10.00 | 86.00 | 96.00 | NOTE | |
r-patched-linux-x86_64 | 5.1-13 | 7.84 | 69.71 | 77.55 | NOTE | |
r-release-linux-x86_64 | 5.1-13 | 8.21 | 68.29 | 76.50 | NOTE | |
r-release-macos-arm64 | 5.1-13 | 39.00 | OK | |||
r-release-macos-x86_64 | 5.1-13 | 80.00 | OK | |||
r-release-windows-x86_64 | 5.1-13 | 10.00 | 85.00 | 95.00 | NOTE | |
r-oldrel-macos-arm64 | 5.1-13 | 40.00 | OK | |||
r-oldrel-macos-x86_64 | 5.1-13 | 56.00 | OK | |||
r-oldrel-windows-x86_64 | 5.1-13 | 12.00 | 103.00 | 115.00 | OK |
Version: 5.1-13
Check: Rd cross-references
Result: NOTE
Found the following Rd file(s) with Rd \link{} targets missing package
anchors:
centilesTwo.Rd: centiles
Please provide package anchors for all Rd \link{} targets not in the
package itself and the base packages.
Flavors: r-devel-linux-x86_64-debian-clang, r-devel-linux-x86_64-debian-gcc, r-devel-windows-x86_64, r-patched-linux-x86_64, r-release-linux-x86_64, r-release-windows-x86_64