Last updated on 2025-10-31 20:48:39 CET.
| Flavor | Version | Tinstall | Tcheck | Ttotal | Status | Flags | 
|---|---|---|---|---|---|---|
| r-devel-linux-x86_64-debian-clang | 1.2.0 | 19.00 | 164.99 | 183.99 | OK | |
| r-devel-linux-x86_64-debian-gcc | 1.2.0 | 13.02 | 117.71 | 130.73 | OK | |
| r-devel-linux-x86_64-fedora-clang | 1.2.0 | 82.00 | 213.84 | 295.84 | OK | |
| r-devel-linux-x86_64-fedora-gcc | 1.2.0 | 128.00 | 161.40 | 289.40 | OK | |
| r-devel-windows-x86_64 | 1.2.0 | 19.00 | 149.00 | 168.00 | OK | |
| r-patched-linux-x86_64 | 1.2.0 | 16.18 | 153.77 | 169.95 | OK | |
| r-release-linux-x86_64 | 1.2.0 | 18.27 | 155.88 | 174.15 | OK | |
| r-release-macos-arm64 | 1.2.0 | 5.00 | ERROR | |||
| r-release-macos-x86_64 | 1.2.0 | 17.00 | 123.00 | 140.00 | OK | |
| r-release-windows-x86_64 | 1.2.0 | 21.00 | 149.00 | 170.00 | OK | |
| r-oldrel-macos-arm64 | 1.2.0 | 9.00 | 65.00 | 74.00 | OK | |
| r-oldrel-macos-x86_64 | 1.2.0 | 22.00 | 151.00 | 173.00 | OK | |
| r-oldrel-windows-x86_64 | 1.2.0 | 27.00 | 200.00 | 227.00 | OK | 
Version: 1.2.0
Check: package dependencies
Result: ERROR
  Package required but not available: ‘org.Hs.eg.db’
  
  See section ‘The DESCRIPTION file’ in the ‘Writing R Extensions’
  manual.
Flavor: r-release-macos-arm64