Last updated on 2025-10-31 15:48:40 CET.
| Flavor | Version | Tinstall | Tcheck | Ttotal | Status | Flags | 
|---|---|---|---|---|---|---|
| r-devel-linux-x86_64-debian-clang | 1.2 | 7.78 | 68.40 | 76.18 | NOTE | |
| r-devel-linux-x86_64-debian-gcc | 1.2 | 5.76 | 51.99 | 57.75 | NOTE | |
| r-devel-linux-x86_64-fedora-clang | 1.2 | 19.00 | 97.41 | 116.41 | OK | |
| r-devel-linux-x86_64-fedora-gcc | 1.2 | 17.00 | 92.34 | 109.34 | OK | |
| r-devel-windows-x86_64 | 1.2 | 9.00 | 81.00 | 90.00 | OK | |
| r-patched-linux-x86_64 | 1.2 | 8.48 | 65.11 | 73.59 | OK | |
| r-release-linux-x86_64 | 1.2 | 7.33 | 65.56 | 72.89 | OK | |
| r-release-macos-arm64 | 1.2 | 4.00 | 34.00 | 38.00 | OK | |
| r-release-macos-x86_64 | 1.2 | 8.00 | 58.00 | 66.00 | OK | |
| r-release-windows-x86_64 | 1.2 | 9.00 | 84.00 | 93.00 | OK | |
| r-oldrel-macos-arm64 | 1.2 | 4.00 | 32.00 | 36.00 | OK | |
| r-oldrel-macos-x86_64 | 1.2 | 6.00 | 46.00 | 52.00 | OK | |
| r-oldrel-windows-x86_64 | 1.2 | 13.00 | 99.00 | 112.00 | OK | 
Version: 1.2
Check: CRAN incoming feasibility
Result: NOTE
  Maintainer: ‘Charles Bouveyron <charles.bouveyron@gmail.com>’
  
  No Authors@R field in DESCRIPTION.
  Please add one, modifying
    Authors@R: person(given = "Charles",
                      family = "Bouveyron",
                      role = c("aut", "cre"),
                      email = "charles.bouveyron@gmail.com")
  as necessary.
Flavors: r-devel-linux-x86_64-debian-clang, r-devel-linux-x86_64-debian-gcc