Last updated on 2025-07-09 07:49:21 CEST.
Flavor | Version | Tinstall | Tcheck | Ttotal | Status | Flags |
---|---|---|---|---|---|---|
r-devel-linux-x86_64-debian-clang | 0.2.0 | 4.37 | 36.56 | 40.93 | OK | |
r-devel-linux-x86_64-debian-gcc | 0.2.0 | 3.24 | 27.91 | 31.15 | OK | |
r-devel-linux-x86_64-fedora-clang | 0.2.0 | 60.55 | OK | |||
r-devel-linux-x86_64-fedora-gcc | 0.2.0 | 59.28 | OK | |||
r-devel-windows-x86_64 | 0.2.0 | 6.00 | 52.00 | 58.00 | OK | |
r-patched-linux-x86_64 | 0.2.0 | 4.49 | 32.69 | 37.18 | OK | |
r-release-linux-x86_64 | 0.2.0 | 4.45 | 33.17 | 37.62 | OK | |
r-release-macos-arm64 | 0.2.0 | 40.00 | OK | |||
r-release-macos-x86_64 | 0.2.0 | 36.00 | OK | |||
r-release-windows-x86_64 | 0.2.0 | 7.00 | 53.00 | 60.00 | OK | |
r-oldrel-macos-arm64 | 0.2.0 | 21.00 | NOTE | |||
r-oldrel-macos-x86_64 | 0.2.0 | 50.00 | NOTE | |||
r-oldrel-windows-x86_64 | 0.2.0 | 8.00 | 62.00 | 70.00 | NOTE |
Version: 0.2.0
Check: LazyData
Result: NOTE
'LazyData' is specified without a 'data' directory
Flavors: r-oldrel-macos-arm64, r-oldrel-macos-x86_64, r-oldrel-windows-x86_64