Last updated on 2025-10-31 18:51:05 CET.
| Flavor | Version | Tinstall | Tcheck | Ttotal | Status | Flags | 
|---|---|---|---|---|---|---|
| r-devel-linux-x86_64-debian-clang | 1.0.1 | 7.56 | 73.88 | 81.44 | NOTE | |
| r-devel-linux-x86_64-debian-gcc | 1.0.1 | 4.80 | 53.98 | 58.78 | NOTE | |
| r-devel-linux-x86_64-fedora-clang | 1.0.1 | 18.00 | 112.05 | 130.05 | OK | |
| r-devel-linux-x86_64-fedora-gcc | 1.0.1 | 14.00 | 104.23 | 118.23 | OK | |
| r-devel-windows-x86_64 | 1.0.1 | 8.00 | 82.00 | 90.00 | OK | |
| r-patched-linux-x86_64 | 1.0.1 | 6.44 | 69.91 | 76.35 | OK | |
| r-release-linux-x86_64 | 1.0.1 | 6.45 | 70.34 | 76.79 | OK | |
| r-release-macos-arm64 | 1.0.1 | 3.00 | 29.00 | 32.00 | OK | |
| r-release-macos-x86_64 | 1.0.1 | 5.00 | 54.00 | 59.00 | OK | |
| r-release-windows-x86_64 | 1.0.1 | 8.00 | 86.00 | 94.00 | OK | |
| r-oldrel-macos-arm64 | 1.0.1 | 3.00 | 30.00 | 33.00 | OK | |
| r-oldrel-macos-x86_64 | 1.0.1 | 4.00 | 43.00 | 47.00 | OK | |
| r-oldrel-windows-x86_64 | 1.0.1 | 10.00 | 108.00 | 118.00 | OK | 
Version: 1.0.1
Check: CRAN incoming feasibility
Result: NOTE
  Maintainer: ‘Norm Matloff <normmatloff@gmail.com>’
  
  No Authors@R field in DESCRIPTION.
  Please add one, modifying
    Authors@R: c(person(given = "Norm",
                        family = "Matloff",
                        role = c("aut", "cre"),
                        email = "normmatloff@gmail.com"),
                 person(given = "Yingkang",
                        family = "Xie",
                        role = "aut",
                        email = "yingkang.xie@gmail.com"))
  as necessary.
Flavors: r-devel-linux-x86_64-debian-clang, r-devel-linux-x86_64-debian-gcc