Last updated on 2025-10-30 14:48:49 CET.
| Flavor | Version | Tinstall | Tcheck | Ttotal | Status | Flags | 
|---|---|---|---|---|---|---|
| r-devel-linux-x86_64-debian-clang | 0.8-5 | 3.33 | 30.07 | 33.40 | NOTE | |
| r-devel-linux-x86_64-debian-gcc | 0.8-5 | 2.44 | 22.78 | 25.22 | NOTE | |
| r-devel-linux-x86_64-fedora-clang | 0.8-5 | 18.00 | 36.51 | 54.51 | OK | |
| r-devel-linux-x86_64-fedora-gcc | 0.8-5 | 48.09 | OK | |||
| r-devel-windows-x86_64 | 0.8-5 | 4.00 | 49.00 | 53.00 | OK | |
| r-patched-linux-x86_64 | 0.8-5 | 3.87 | 28.51 | 32.38 | OK | |
| r-release-linux-x86_64 | 0.8-5 | 3.14 | 28.45 | 31.59 | OK | |
| r-release-macos-arm64 | 0.8-5 | 2.00 | 23.00 | 25.00 | OK | |
| r-release-macos-x86_64 | 0.8-5 | 3.00 | 34.00 | 37.00 | OK | |
| r-release-windows-x86_64 | 0.8-5 | 3.00 | 54.00 | 57.00 | OK | |
| r-oldrel-macos-arm64 | 0.8-5 | 2.00 | 26.00 | 28.00 | NOTE | |
| r-oldrel-macos-x86_64 | 0.8-5 | 3.00 | 27.00 | 30.00 | NOTE | |
| r-oldrel-windows-x86_64 | 0.8-5 | 4.00 | 58.00 | 62.00 | NOTE | 
Version: 0.8-5
Check: CRAN incoming feasibility
Result: NOTE
  Maintainer: ‘Hana Sevcikova <hanas@uw.edu>’
  
  No Authors@R field in DESCRIPTION.
  Please add one, modifying
    Authors@R: c(person(given = "Hana",
                        family = "Sevcikova",
                        role = c("aut", "cre"),
                        email = "hanas@uw.edu"),
                 person(given = "Don",
                        family = "Percival",
                        role = "aut",
                        email = "dbp@apl.washington.edu"),
                 person(given = "Tilmann",
                        family = "Gneiting",
                        role = "aut",
                        email = "tilmann@stat.washington.edu"))
  as necessary.
Flavors: r-devel-linux-x86_64-debian-clang, r-devel-linux-x86_64-debian-gcc
Version: 0.8-5
Check: package dependencies
Result: NOTE
  Package suggested but not available for checking: ‘RandomFields’
Flavors: r-oldrel-macos-arm64, r-oldrel-macos-x86_64, r-oldrel-windows-x86_64