CRAN Package Check Results for Package fractD

Last updated on 2025-07-08 15:49:36 CEST.

Flavor Version Tinstall Tcheck Ttotal Status Flags
r-devel-linux-x86_64-debian-clang 0.1.0 1.89 46.48 48.37 OK
r-devel-linux-x86_64-debian-gcc 0.1.0 1.55 35.16 36.71 OK
r-devel-linux-x86_64-fedora-clang 0.1.0 72.00 OK
r-devel-linux-x86_64-fedora-gcc 0.1.0 93.06 OK
r-devel-windows-x86_64 0.1.0 4.00 72.00 76.00 OK
r-patched-linux-x86_64 0.1.0 2.11 43.12 45.23 OK
r-release-linux-x86_64 0.1.0 1.97 42.44 44.41 OK
r-release-macos-arm64 0.1.0 46.00 OK
r-release-macos-x86_64 0.1.0 85.00 OK
r-release-windows-x86_64 0.1.0 5.00 75.00 80.00 OK
r-oldrel-macos-arm64 0.1.0 32.00 NOTE
r-oldrel-macos-x86_64 0.1.0 53.00 NOTE
r-oldrel-windows-x86_64 0.1.0 5.00 86.00 91.00 NOTE

Check Details

Version: 0.1.0
Check: LazyData
Result: NOTE 'LazyData' is specified without a 'data' directory Flavors: r-oldrel-macos-arm64, r-oldrel-macos-x86_64, r-oldrel-windows-x86_64