CRAN Package Check Results for Package forestControl

Last updated on 2025-05-09 19:51:57 CEST.

Flavor Version Tinstall Tcheck Ttotal Status Flags
r-devel-linux-x86_64-debian-clang 0.2.2 14.02 45.97 59.99 NOTE
r-devel-linux-x86_64-debian-gcc 0.2.2 8.77 33.90 42.67 NOTE
r-devel-linux-x86_64-fedora-clang 0.2.2 97.32 OK
r-devel-linux-x86_64-fedora-gcc 0.2.2 107.73 OK
r-devel-windows-x86_64 0.2.2 18.00 77.00 95.00 OK
r-patched-linux-x86_64 0.2.2 13.31 43.67 56.98 OK
r-release-linux-x86_64 0.2.2 13.11 43.33 56.44 OK
r-release-macos-arm64 0.2.2 54.00 OK
r-release-macos-x86_64 0.2.2 64.00 OK
r-release-windows-x86_64 0.2.2 19.00 80.00 99.00 OK
r-oldrel-macos-arm64 0.2.2 35.00 OK
r-oldrel-macos-x86_64 0.2.2 53.00 OK
r-oldrel-windows-x86_64 0.2.2 21.00 91.00 112.00 OK

Check Details

Version: 0.2.2
Check: CRAN incoming feasibility
Result: NOTE Maintainer: ‘Tom Wilson <tpw2@aber.ac.uk>’ Package CITATION file contains call(s) to old-style personList() or as.personList(). Please use c() on person objects instead. Package CITATION file contains call(s) to old-style citEntry(). Please use bibentry() instead. The Description field contains Melanie Ganz (2014) <arXiv:1410.2838>. Methods for calculating the Please refer to arXiv e-prints via their arXiv DOI <doi:10.48550/arXiv.YYMM.NNNNN>. Flavors: r-devel-linux-x86_64-debian-clang, r-devel-linux-x86_64-debian-gcc