Last updated on 2025-10-31 22:49:58 CET.
| Flavor | Version | Tinstall | Tcheck | Ttotal | Status | Flags | 
|---|---|---|---|---|---|---|
| r-devel-linux-x86_64-debian-clang | 1.92 | 16.91 | 125.31 | 142.22 | NOTE | |
| r-devel-linux-x86_64-debian-gcc | 1.92 | 11.95 | 89.55 | 101.50 | NOTE | |
| r-devel-linux-x86_64-fedora-clang | 1.92 | 64.00 | 161.16 | 225.16 | NOTE | |
| r-devel-linux-x86_64-fedora-gcc | 1.92 | 35.00 | 167.84 | 202.84 | NOTE | |
| r-devel-windows-x86_64 | 1.92 | 16.00 | 123.00 | 139.00 | NOTE | |
| r-patched-linux-x86_64 | 1.92 | 15.93 | 116.92 | 132.85 | NOTE | |
| r-release-linux-x86_64 | 1.92 | 16.05 | 117.61 | 133.66 | NOTE | |
| r-release-macos-arm64 | 1.92 | 7.00 | 47.00 | 54.00 | NOTE | |
| r-release-macos-x86_64 | 1.92 | 22.00 | 149.00 | 171.00 | NOTE | |
| r-release-windows-x86_64 | 1.92 | 17.00 | 124.00 | 141.00 | NOTE | |
| r-oldrel-macos-arm64 | 1.92 | 6.00 | 47.00 | 53.00 | NOTE | |
| r-oldrel-macos-x86_64 | 1.92 | 10.00 | 68.00 | 78.00 | NOTE | |
| r-oldrel-windows-x86_64 | 1.92 | 23.00 | 154.00 | 177.00 | NOTE | 
Version: 1.92
Check: CRAN incoming feasibility
Result: NOTE
  Maintainer: ‘Angelo Mazza <a.mazza@unict.it>’
  
  No Authors@R field in DESCRIPTION.
  Please add one, modifying
    Authors@R: c(person(given = "Mazza",
                        family = "A.",
                        role = "aut"),
                 person(given = "Punzo",
                        family = "A.",
                        role = "aut"),
                 person(given = "Ingrassia",
                        family = "S.",
                        role = "aut"),
                 person(given = "Angelo",
                        family = "Mazza",
                        role = "cre",
                        email = "a.mazza@unict.it"))
  as necessary.
Flavors: r-devel-linux-x86_64-debian-clang, r-devel-linux-x86_64-debian-gcc
Version: 1.92
Check: Rd files
Result: NOTE
  checkRd: (-1) cwm.Rd:93: Lost braces in \itemize; \value handles \item{}{} directly
  checkRd: (-1) cwm.Rd:94: Lost braces in \itemize; \value handles \item{}{} directly
  checkRd: (-1) cwm.Rd:95: Lost braces in \itemize; \value handles \item{}{} directly
  checkRd: (-1) cwm.Rd:96: Lost braces in \itemize; \value handles \item{}{} directly
  checkRd: (-1) cwm.Rd:97: Lost braces in \itemize; \value handles \item{}{} directly
  checkRd: (-1) cwm.Rd:98: Lost braces in \itemize; \value handles \item{}{} directly
  checkRd: (-1) cwm.Rd:99: Lost braces in \itemize; \value handles \item{}{} directly
  checkRd: (-1) cwm.Rd:100: Lost braces in \itemize; \value handles \item{}{} directly
  checkRd: (-1) cwm.Rd:101: Lost braces in \itemize; \value handles \item{}{} directly
  checkRd: (-1) cwm.Rd:102: Lost braces in \itemize; \value handles \item{}{} directly
  checkRd: (-1) cwm.Rd:103: Lost braces in \itemize; \value handles \item{}{} directly
  checkRd: (-1) cwm.Rd:105: Lost braces in \itemize; \value handles \item{}{} directly
  checkRd: (-1) cwm.Rd:106: Lost braces in \itemize; \value handles \item{}{} directly
  checkRd: (-1) cwm.Rd:107: Lost braces in \itemize; \value handles \item{}{} directly
  checkRd: (-1) cwm.Rd:108: Lost braces in \itemize; \value handles \item{}{} directly
  checkRd: (-1) cwm.Rd:110: Lost braces; missing escapes or markup?
     110 |   \item{\code{concomitant} {a list with estimated concomitant variables parameters for each mixture component}}
         |                            ^
  checkRd: (-1) cwm.Rd:112: Lost braces in \itemize; \value handles \item{}{} directly
  checkRd: (-1) cwm.Rd:113: Lost braces in \itemize; \value handles \item{}{} directly
  checkRd: (-1) cwm.Rd:114: Lost braces in \itemize; \value handles \item{}{} directly
  checkRd: (-1) cwm.Rd:115: Lost braces in \itemize; \value handles \item{}{} directly
  checkRd: (-1) cwm.Rd:116: Lost braces in \itemize; \value handles \item{}{} directly
  checkRd: (-1) cwm.Rd:117: Lost braces in \itemize; \value handles \item{}{} directly
  checkRd: (-1) cwm.Rd:118: Lost braces in \itemize; \value handles \item{}{} directly
Flavors: r-devel-linux-x86_64-debian-clang, r-devel-linux-x86_64-debian-gcc, r-devel-linux-x86_64-fedora-clang, r-devel-linux-x86_64-fedora-gcc, r-devel-windows-x86_64, r-patched-linux-x86_64, r-release-linux-x86_64, r-release-macos-arm64, r-release-macos-x86_64, r-release-windows-x86_64, r-oldrel-macos-arm64, r-oldrel-macos-x86_64, r-oldrel-windows-x86_64