Last updated on 2025-10-22 10:51:24 CEST.
Flavor | Version | Tinstall | Tcheck | Ttotal | Status | Flags |
---|---|---|---|---|---|---|
r-devel-linux-x86_64-debian-clang | 0.2-7 | 4.80 | 39.78 | 44.58 | NOTE | |
r-devel-linux-x86_64-debian-gcc | 0.2-7 | 3.53 | 30.44 | 33.97 | NOTE | |
r-devel-linux-x86_64-fedora-clang | 0.2-7 | 12.00 | 59.12 | 71.12 | OK | |
r-devel-linux-x86_64-fedora-gcc | 0.2-7 | 12.00 | 52.74 | 64.74 | OK | |
r-devel-windows-x86_64 | 0.2-7 | 6.00 | 53.00 | 59.00 | OK | |
r-patched-linux-x86_64 | 0.2-7 | 4.72 | 38.18 | 42.90 | OK | |
r-release-linux-x86_64 | 0.2-7 | 4.62 | 38.06 | 42.68 | OK | |
r-release-macos-arm64 | 0.2-7 | 3.00 | 29.00 | 32.00 | OK | |
r-release-macos-x86_64 | 0.2-7 | 5.00 | 42.00 | 47.00 | OK | |
r-release-windows-x86_64 | 0.2-7 | 8.00 | 55.00 | 63.00 | OK | |
r-oldrel-macos-arm64 | 0.2-7 | 2.00 | 23.00 | 25.00 | OK | |
r-oldrel-macos-x86_64 | 0.2-7 | 10.00 | 60.00 | 70.00 | OK | |
r-oldrel-windows-x86_64 | 0.2-7 | 8.00 | 64.00 | 72.00 | OK |
Version: 0.2-7
Check: CRAN incoming feasibility
Result: NOTE
Maintainer: ‘Roger D. Peng <roger.peng@austin.utexas.edu>’
No Authors@R field in DESCRIPTION.
Please add one, modifying
Authors@R: person(given = c("Roger", "D."),
family = "Peng",
role = c("aut", "cre"),
email = "roger.peng@austin.utexas.edu")
as necessary.
Flavors: r-devel-linux-x86_64-debian-clang, r-devel-linux-x86_64-debian-gcc