Last updated on 2025-07-08 15:49:36 CEST.
Flavor | Version | Tinstall | Tcheck | Ttotal | Status | Flags |
---|---|---|---|---|---|---|
r-devel-linux-x86_64-debian-clang | 1.2.4 | 13.16 | 122.74 | 135.90 | NOTE | |
r-devel-linux-x86_64-debian-gcc | 1.2.4 | 9.27 | 81.42 | 90.69 | NOTE | |
r-devel-linux-x86_64-fedora-clang | 1.2.4 | 200.58 | OK | |||
r-devel-linux-x86_64-fedora-gcc | 1.2.4 | 212.71 | OK | |||
r-devel-windows-x86_64 | 1.2.4 | 17.00 | 136.00 | 153.00 | NOTE | |
r-patched-linux-x86_64 | 1.2.4 | 13.48 | 110.02 | 123.50 | NOTE | |
r-release-linux-x86_64 | 1.2.4 | 10.97 | 109.76 | 120.73 | NOTE | |
r-release-macos-arm64 | 1.2.4 | 66.00 | OK | |||
r-release-macos-x86_64 | 1.2.4 | 120.00 | OK | |||
r-release-windows-x86_64 | 1.2.4 | 18.00 | 137.00 | 155.00 | NOTE | |
r-oldrel-macos-arm64 | 1.2.4 | 61.00 | OK | |||
r-oldrel-macos-x86_64 | 1.2.4 | 101.00 | OK | |||
r-oldrel-windows-x86_64 | 1.2.4 | 23.00 | 174.00 | 197.00 | OK |
Version: 1.2.4
Check: Rd cross-references
Result: NOTE
Found the following Rd file(s) with Rd \link{} targets missing package
anchors:
SSplot.Rd: rand
col.fastR.Rd: trellis.par.set, show.settings
maxLik2.Rd: maxLik
plot.maxLik2.Rd: maxLik
Please provide package anchors for all Rd \link{} targets not in the
package itself and the base packages.
Flavors: r-devel-linux-x86_64-debian-clang, r-devel-linux-x86_64-debian-gcc, r-devel-windows-x86_64, r-patched-linux-x86_64, r-release-linux-x86_64, r-release-windows-x86_64