CRAN Package Check Results for Package excelR

Last updated on 2025-07-08 21:48:24 CEST.

Flavor Version Tinstall Tcheck Ttotal Status Flags
r-devel-linux-x86_64-debian-clang 0.4.0 2.50 29.91 32.41 OK
r-devel-linux-x86_64-debian-gcc 0.4.0 2.13 23.64 25.77 OK
r-devel-linux-x86_64-fedora-clang 0.4.0 47.96 OK
r-devel-linux-x86_64-fedora-gcc 0.4.0 45.63 OK
r-devel-windows-x86_64 0.4.0 5.00 51.00 56.00 OK
r-patched-linux-x86_64 0.4.0 2.87 27.73 30.60 OK
r-release-linux-x86_64 0.4.0 2.85 27.21 30.06 OK
r-release-macos-arm64 0.4.0 21.00 OK
r-release-macos-x86_64 0.4.0 43.00 OK
r-release-windows-x86_64 0.4.0 5.00 51.00 56.00 OK
r-oldrel-macos-arm64 0.4.0 24.00 NOTE
r-oldrel-macos-x86_64 0.4.0 32.00 NOTE
r-oldrel-windows-x86_64 0.4.0 6.00 56.00 62.00 NOTE

Check Details

Version: 0.4.0
Check: LazyData
Result: NOTE 'LazyData' is specified without a 'data' directory Flavors: r-oldrel-macos-arm64, r-oldrel-macos-x86_64, r-oldrel-windows-x86_64