Last updated on 2025-10-31 20:48:38 CET.
| Flavor | Version | Tinstall | Tcheck | Ttotal | Status | Flags | 
|---|---|---|---|---|---|---|
| r-devel-windows-x86_64 | 0.9.15 | 23.00 | 60.00 | 83.00 | NOTE | |
| r-release-windows-x86_64 | 0.9.15 | 25.00 | 60.00 | 85.00 | NOTE | |
| r-oldrel-windows-x86_64 | 0.9.15 | 25.00 | 73.00 | 98.00 | OK | 
Version: 0.9.15
Check: compiled code
Result: NOTE
  File 'excel.link/libs/x64/excel.link.dll':
    Found non-API call to R: 'EXTPTR_TAG'
  
  Compiled code should not call non-API entry points in R.
  
  See 'Writing portable packages' in the 'Writing R Extensions' manual,
  and section 'Moving into C API compliance' for issues with the use of
  non-API entry points.
Flavors: r-devel-windows-x86_64, r-release-windows-x86_64