Last updated on 2025-07-08 15:49:35 CEST.
Flavor | Version | Tinstall | Tcheck | Ttotal | Status | Flags |
---|---|---|---|---|---|---|
r-devel-linux-x86_64-debian-clang | 1.0.6 | 75.49 | 126.84 | 202.33 | OK | |
r-devel-linux-x86_64-debian-gcc | 1.0.6 | 65.58 | 92.48 | 158.06 | OK | |
r-devel-linux-x86_64-fedora-clang | 1.0.6 | 344.99 | OK | |||
r-devel-linux-x86_64-fedora-gcc | 1.0.6 | 349.97 | OK | |||
r-devel-windows-x86_64 | 1.0.6 | 80.00 | 151.00 | 231.00 | OK | |
r-patched-linux-x86_64 | 1.0.6 | 86.59 | 128.06 | 214.65 | OK | |
r-release-linux-x86_64 | 1.0.6 | 89.47 | 129.52 | 218.99 | OK | |
r-release-macos-arm64 | 1.0.6 | 87.00 | OK | |||
r-release-macos-x86_64 | 1.0.6 | 181.00 | OK | |||
r-release-windows-x86_64 | 1.0.6 | 84.00 | 146.00 | 230.00 | OK | |
r-oldrel-macos-arm64 | 1.0.6 | 104.00 | NOTE | |||
r-oldrel-macos-x86_64 | 1.0.6 | 197.00 | NOTE | |||
r-oldrel-windows-x86_64 | 1.0.6 | 102.00 | 197.00 | 299.00 | OK |
Version: 1.0.6
Check: installed package size
Result: NOTE
installed size is 39.9Mb
sub-directories of 1Mb or more:
libs 39.6Mb
Flavors: r-oldrel-macos-arm64, r-oldrel-macos-x86_64