Last updated on 2025-05-10 17:50:31 CEST.
Flavor | Version | Tinstall | Tcheck | Ttotal | Status | Flags |
---|---|---|---|---|---|---|
r-devel-linux-x86_64-debian-clang | 0.2.3 | 13.81 | 92.76 | 106.57 | NOTE | |
r-devel-linux-x86_64-debian-gcc | 0.2.3 | 8.77 | 63.19 | 71.96 | NOTE | |
r-devel-linux-x86_64-fedora-clang | 0.2.3 | 154.01 | NOTE | |||
r-devel-linux-x86_64-fedora-gcc | 0.2.3 | 150.96 | NOTE | |||
r-devel-windows-x86_64 | 0.2.3 | 17.00 | 106.00 | 123.00 | NOTE | |
r-patched-linux-x86_64 | 0.2.3 | 13.25 | 83.61 | 96.86 | NOTE | |
r-release-linux-x86_64 | 0.2.3 | 14.40 | 84.71 | 99.11 | NOTE | |
r-release-macos-arm64 | 0.2.3 | 62.00 | NOTE | |||
r-release-macos-x86_64 | 0.2.3 | 76.00 | NOTE | |||
r-release-windows-x86_64 | 0.2.3 | 13.00 | 104.00 | 117.00 | NOTE | |
r-oldrel-macos-arm64 | 0.2.3 | 46.00 | NOTE | |||
r-oldrel-macos-x86_64 | 0.2.3 | 71.00 | NOTE | |||
r-oldrel-windows-x86_64 | 0.2.3 | 21.00 | 129.00 | 150.00 | NOTE |
Version: 0.2.3
Check: Rd files
Result: NOTE
checkRd: (-1) momento.central.Rd:12: Lost braces; missing escapes or markup?
12 | \item{orden}{Es un valor numérico que representa el orden del momento central (orden = {1,2,3,4,...})}
| ^
Flavors: r-devel-linux-x86_64-debian-clang, r-devel-linux-x86_64-debian-gcc, r-devel-linux-x86_64-fedora-clang, r-devel-linux-x86_64-fedora-gcc, r-devel-windows-x86_64, r-patched-linux-x86_64, r-release-linux-x86_64, r-release-macos-arm64, r-release-macos-x86_64, r-release-windows-x86_64, r-oldrel-macos-arm64, r-oldrel-macos-x86_64, r-oldrel-windows-x86_64