Last updated on 2025-07-23 16:49:46 CEST.
Flavor | Version | Tinstall | Tcheck | Ttotal | Status | Flags |
---|---|---|---|---|---|---|
r-devel-linux-x86_64-debian-clang | 1.0.0 | 193.02 | 114.20 | 307.22 | OK | |
r-devel-linux-x86_64-debian-gcc | 1.0.0 | 164.24 | 75.18 | 239.42 | OK | |
r-devel-linux-x86_64-fedora-clang | 1.0.1 | 554.63 | OK | |||
r-devel-linux-x86_64-fedora-gcc | 1.0.1 | 649.47 | OK | |||
r-devel-windows-x86_64 | 1.0.0 | 215.00 | 156.00 | 371.00 | OK | |
r-patched-linux-x86_64 | 1.0.0 | 226.54 | 106.25 | 332.79 | OK | |
r-release-linux-x86_64 | 1.0.0 | 223.79 | 107.80 | 331.59 | OK | |
r-release-macos-arm64 | 1.0.0 | 125.00 | OK | |||
r-release-macos-x86_64 | 1.0.1 | 172.00 | OK | |||
r-release-windows-x86_64 | 1.0.1 | 193.00 | 154.00 | 347.00 | OK | |
r-oldrel-macos-arm64 | 1.0.0 | 159.00 | NOTE | |||
r-oldrel-macos-x86_64 | 1.0.1 | 166.00 | NOTE | |||
r-oldrel-windows-x86_64 | 1.0.1 | 187.00 | 206.00 | 393.00 | OK |
Version: 1.0.0
Check: installed package size
Result: NOTE
installed size is 30.5Mb
sub-directories of 1Mb or more:
libs 29.7Mb
Flavor: r-oldrel-macos-arm64
Version: 1.0.1
Check: installed package size
Result: NOTE
installed size is 29.7Mb
sub-directories of 1Mb or more:
libs 28.9Mb
Flavor: r-oldrel-macos-x86_64