Last updated on 2025-10-31 00:51:02 CET.
| Flavor | Version | Tinstall | Tcheck | Ttotal | Status | Flags | 
|---|---|---|---|---|---|---|
| r-devel-linux-x86_64-debian-clang | 0.8.2 | 7.99 | 71.85 | 79.84 | NOTE | |
| r-devel-linux-x86_64-debian-gcc | 0.8.2 | 5.21 | 45.15 | 50.36 | NOTE | |
| r-devel-linux-x86_64-fedora-clang | 0.8.2 | 17.00 | 109.66 | 126.66 | OK | |
| r-devel-linux-x86_64-fedora-gcc | 0.8.2 | 17.00 | 104.98 | 121.98 | OK | |
| r-devel-windows-x86_64 | 0.8.2 | 8.00 | 81.00 | 89.00 | OK | |
| r-patched-linux-x86_64 | 0.8.2 | 6.17 | 66.30 | 72.47 | OK | |
| r-release-linux-x86_64 | 0.8.2 | 7.30 | 66.60 | 73.90 | OK | |
| r-release-macos-arm64 | 0.8.2 | 4.00 | 29.00 | 33.00 | OK | |
| r-release-macos-x86_64 | 0.8.2 | 7.00 | 63.00 | 70.00 | OK | |
| r-release-windows-x86_64 | 0.8.2 | 10.00 | 85.00 | 95.00 | OK | |
| r-oldrel-macos-arm64 | 0.8.2 | 3.00 | 29.00 | 32.00 | OK | |
| r-oldrel-macos-x86_64 | 0.8.2 | 10.00 | 73.00 | 83.00 | OK | |
| r-oldrel-windows-x86_64 | 0.8.2 | 11.00 | 104.00 | 115.00 | OK | 
Version: 0.8.2
Check: CRAN incoming feasibility
Result: NOTE
  Maintainer: ‘Sandor Baran <baran.sandor@inf.unideb.hu>’
  
  No Authors@R field in DESCRIPTION.
  Please add one, modifying
    Authors@R: c(person(given = "RA",
                        family = "Yuen",
                        role = "aut"),
                 person(given = "Sandor",
                        family = "Baran",
                        role = c("aut", "cre"),
                        email = "baran.sandor@inf.unideb.hu"),
                 person(given = "Chris",
                        family = "Fraley",
                        role = "aut"),
                 person(given = "Tilmann",
                        family = "Gneiting",
                        role = "aut"),
                 person(given = "Sebastian",
                        family = "Lerch",
                        role = "aut"),
                 person(given = "Michael",
                        family = "Scheuerer",
                        role = "aut"),
                 person(given = "Thordis",
                        family = "Thorarinsdottir",
                        role = "aut"))
  as necessary.
Flavors: r-devel-linux-x86_64-debian-clang, r-devel-linux-x86_64-debian-gcc