Last updated on 2025-10-31 22:49:57 CET.
| Flavor | Version | Tinstall | Tcheck | Ttotal | Status | Flags | 
|---|---|---|---|---|---|---|
| r-devel-linux-x86_64-debian-clang | 0.4.0 | 4.29 | 52.71 | 57.00 | NOTE | |
| r-devel-linux-x86_64-debian-gcc | 0.4.0 | 2.88 | 40.14 | 43.02 | NOTE | |
| r-devel-linux-x86_64-fedora-clang | 0.4.0 | 85.06 | NOTE | |||
| r-devel-linux-x86_64-fedora-gcc | 0.4.0 | 95.24 | NOTE | |||
| r-devel-windows-x86_64 | 0.4.0 | 6.00 | 77.00 | 83.00 | NOTE | |
| r-patched-linux-x86_64 | 0.4.0 | 5.46 | 48.37 | 53.83 | NOTE | |
| r-release-linux-x86_64 | 0.4.0 | 4.12 | 48.26 | 52.38 | NOTE | |
| r-release-macos-arm64 | 0.4.0 | 2.00 | 45.00 | 47.00 | NOTE | |
| r-release-macos-x86_64 | 0.4.0 | 4.00 | 76.00 | 80.00 | NOTE | |
| r-release-windows-x86_64 | 0.4.0 | 7.00 | 78.00 | 85.00 | NOTE | |
| r-oldrel-macos-arm64 | 0.4.0 | 2.00 | 36.00 | 38.00 | NOTE | |
| r-oldrel-macos-x86_64 | 0.4.0 | 3.00 | 56.00 | 59.00 | NOTE | |
| r-oldrel-windows-x86_64 | 0.4.0 | 8.00 | 90.00 | 98.00 | NOTE | 
Version: 0.4.0
Check: Rd files
Result: NOTE
  checkRd: (-1) new_log_level.Rd:19: Lost braces; missing escapes or markup?
      19 | \item{log_style}{is a {crayon::style()} that will colorize
         |                       ^
  checkRd: (-1) new_log_level.Rd:22: Lost braces; missing escapes or markup?
      22 | \item{msg_style}{is a {crayon::style()} style that will gray scale the
         |                       ^
  checkRd: (-1) sys_context.Rd:22: Lost braces; missing escapes or markup?
      22 | \item{"sysname"} : {The operating system name.}
         |                    ^
  checkRd: (-1) sys_context.Rd:23: Lost braces; missing escapes or markup?
      23 | \item{"release"} : {The OS release.}
         |                    ^
  checkRd: (-1) sys_context.Rd:24: Lost braces; missing escapes or markup?
      24 | \item{"version"} : {The OS version.}
         |                    ^
  checkRd: (-1) sys_context.Rd:25: Lost braces; missing escapes or markup?
      25 | \item{"nodename"} : {A name by which the machine is known on the network (if any).}
         |                     ^
  checkRd: (-1) sys_context.Rd:26: Lost braces; missing escapes or markup?
      26 | \item{"machine"} : {A concise description of the hardware, often the CPU type.}
         |                    ^
  checkRd: (-1) sys_context.Rd:27: Lost braces; missing escapes or markup?
      27 | \item{"login"} : {The user's login name, or "unknown" if it cannot be ascertained.}
         |                  ^
  checkRd: (-1) sys_context.Rd:28: Lost braces; missing escapes or markup?
      28 | \item{"user"} : {The name of the real user ID, or "unknown" if it cannot be ascertained.}
         |                 ^
  checkRd: (-1) sys_context.Rd:29: Lost braces; missing escapes or markup?
      29 | \item{"r-ver"} : {R Version in (major).(minor) format.}
         |                  ^
Flavors: r-devel-linux-x86_64-debian-clang, r-devel-linux-x86_64-debian-gcc, r-devel-linux-x86_64-fedora-clang, r-devel-linux-x86_64-fedora-gcc, r-devel-windows-x86_64, r-patched-linux-x86_64, r-release-linux-x86_64, r-release-macos-arm64, r-release-macos-x86_64, r-release-windows-x86_64, r-oldrel-macos-arm64, r-oldrel-macos-x86_64, r-oldrel-windows-x86_64
Version: 0.4.0
Check: Rd cross-references
Result: NOTE
  Found the following Rd file(s) with Rd \link{} targets missing package
  anchors:
    new_fmt_layout.Rd: crayon
  Please provide package anchors for all Rd \link{} targets not in the
  package itself and the base packages.
Flavors: r-devel-linux-x86_64-debian-clang, r-devel-linux-x86_64-debian-gcc, r-devel-windows-x86_64, r-patched-linux-x86_64, r-release-linux-x86_64, r-release-windows-x86_64