CRAN Package Check Results for Package dvqcc

Last updated on 2025-10-04 01:49:43 CEST.

Flavor Version Tinstall Tcheck Ttotal Status Flags
r-devel-linux-x86_64-debian-clang 0.1.0 12.62 114.99 127.61 NOTE
r-devel-linux-x86_64-debian-gcc 0.1.0 9.44 81.68 91.12 NOTE
r-devel-linux-x86_64-fedora-clang 0.1.0 199.52 NOTE
r-devel-linux-x86_64-fedora-gcc 0.1.0 189.59 NOTE
r-devel-windows-x86_64 0.1.0 15.00 110.00 125.00 NOTE
r-patched-linux-x86_64 0.1.0 11.91 109.06 120.97 NOTE
r-release-linux-x86_64 0.1.0 11.84 110.59 122.43 NOTE
r-release-macos-arm64 0.1.0 48.00 NOTE
r-release-macos-x86_64 0.1.0 91.00 NOTE
r-release-windows-x86_64 0.1.0 14.00 110.00 124.00 NOTE
r-oldrel-macos-arm64 0.1.0 49.00 NOTE
r-oldrel-macos-x86_64 0.1.0 73.00 NOTE
r-oldrel-windows-x86_64 0.1.0 19.00 140.00 159.00 NOTE

Check Details

Version: 0.1.0
Check: package subdirectories
Result: NOTE Problems with news in ‘NEWS.md’: No news entries found. Flavors: r-devel-linux-x86_64-debian-clang, r-devel-linux-x86_64-debian-gcc, r-devel-linux-x86_64-fedora-clang, r-devel-linux-x86_64-fedora-gcc, r-devel-windows-x86_64, r-patched-linux-x86_64, r-release-linux-x86_64, r-release-macos-arm64, r-release-macos-x86_64, r-release-windows-x86_64, r-oldrel-macos-arm64, r-oldrel-macos-x86_64, r-oldrel-windows-x86_64

Version: 0.1.0
Check: LazyData
Result: NOTE 'LazyData' is specified without a 'data' directory Flavors: r-oldrel-macos-arm64, r-oldrel-macos-x86_64, r-oldrel-windows-x86_64