Last updated on 2025-07-09 10:48:50 CEST.
Flavor | Version | Tinstall | Tcheck | Ttotal | Status | Flags |
---|---|---|---|---|---|---|
r-devel-linux-x86_64-debian-clang | 0.1 | 156.97 | 82.85 | 239.82 | OK | |
r-devel-linux-x86_64-debian-gcc | 0.1 | 100.25 | 57.39 | 157.64 | OK | |
r-devel-linux-x86_64-fedora-clang | 0.1 | 471.69 | OK | |||
r-devel-linux-x86_64-fedora-gcc | 0.1 | 414.50 | OK | |||
r-devel-windows-x86_64 | 0.1 | 162.00 | 106.00 | 268.00 | OK | |
r-patched-linux-x86_64 | 0.1 | 135.48 | 76.98 | 212.46 | OK | |
r-release-linux-x86_64 | 0.1 | 130.31 | 76.46 | 206.77 | OK | |
r-release-macos-arm64 | 0.1 | 85.00 | OK | |||
r-release-macos-x86_64 | 0.1 | 112.00 | OK | |||
r-release-windows-x86_64 | 0.1 | 150.00 | 110.00 | 260.00 | OK | |
r-oldrel-macos-arm64 | 0.1 | 76.00 | NOTE | |||
r-oldrel-macos-x86_64 | 0.1 | 103.00 | NOTE | |||
r-oldrel-windows-x86_64 | 0.1 | 143.00 | 138.00 | 281.00 | OK |
Version: 0.1
Check: installed package size
Result: NOTE
installed size is 9.4Mb
sub-directories of 1Mb or more:
libs 9.2Mb
Flavors: r-oldrel-macos-arm64, r-oldrel-macos-x86_64