CRAN Package Check Results for Package docxtractr

Last updated on 2025-07-10 17:48:58 CEST.

Flavor Version Tinstall Tcheck Ttotal Status Flags
r-devel-linux-x86_64-debian-clang 0.6.5 4.61 38.32 42.93 OK
r-devel-linux-x86_64-debian-gcc 0.6.5 2.53 28.69 31.22 OK
r-devel-linux-x86_64-fedora-clang 0.6.5 72.65 OK
r-devel-linux-x86_64-fedora-gcc 0.6.5 62.96 OK
r-devel-windows-x86_64 0.6.5 6.00 57.00 63.00 OK
r-patched-linux-x86_64 0.6.5 4.63 35.42 40.05 OK
r-release-linux-x86_64 0.6.5 4.33 35.57 39.90 OK
r-release-macos-arm64 0.6.5 27.00 OK
r-release-macos-x86_64 0.6.5 38.00 OK
r-release-windows-x86_64 0.6.5 6.00 59.00 65.00 OK
r-oldrel-macos-arm64 0.6.5 25.00 NOTE
r-oldrel-macos-x86_64 0.6.5 33.00 NOTE
r-oldrel-windows-x86_64 0.6.5 8.00 66.00 74.00 NOTE

Check Details

Version: 0.6.5
Check: LazyData
Result: NOTE 'LazyData' is specified without a 'data' directory Flavors: r-oldrel-macos-arm64, r-oldrel-macos-x86_64, r-oldrel-windows-x86_64