Last updated on 2025-10-31 15:48:37 CET.
| Flavor | Version | Tinstall | Tcheck | Ttotal | Status | Flags | 
|---|---|---|---|---|---|---|
| r-devel-linux-x86_64-debian-clang | 1.0.2 | 11.22 | 146.06 | 157.28 | NOTE | |
| r-devel-linux-x86_64-debian-gcc | 1.0.2 | 7.19 | 97.22 | 104.41 | NOTE | |
| r-devel-linux-x86_64-fedora-clang | 1.0.2 | 24.00 | 216.80 | 240.80 | OK | |
| r-devel-linux-x86_64-fedora-gcc | 1.0.2 | 21.00 | 209.51 | 230.51 | OK | |
| r-devel-windows-x86_64 | 1.0.2 | 11.00 | 134.00 | 145.00 | OK | |
| r-patched-linux-x86_64 | 1.0.2 | 11.23 | 135.16 | 146.39 | OK | |
| r-release-linux-x86_64 | 1.0.2 | 10.46 | 135.37 | 145.83 | OK | |
| r-release-macos-arm64 | 1.0.2 | 5.00 | 60.00 | 65.00 | OK | |
| r-release-macos-x86_64 | 1.0.2 | 10.00 | 129.00 | 139.00 | OK | |
| r-release-windows-x86_64 | 1.0.2 | 11.00 | 136.00 | 147.00 | OK | |
| r-oldrel-macos-arm64 | 1.0.2 | 4.00 | 53.00 | 57.00 | OK | |
| r-oldrel-macos-x86_64 | 1.0.2 | 7.00 | 85.00 | 92.00 | OK | |
| r-oldrel-windows-x86_64 | 1.0.2 | 17.00 | 193.00 | 210.00 | OK | 
Version: 1.0.2
Check: CRAN incoming feasibility
Result: NOTE
  Maintainer: ‘Corinne Emmenegger <emmenegger@stat.math.ethz.ch>’
  
  Package CITATION file contains call(s) to old-style citEntry().  Please
  use bibentry() instead.
  
  The Description field contains
    Learning in Partially Linear Endogenous Models" <arXiv:2101.12525> and
    Emmenegger and Buehlmann (2021) <arXiv:2108.13657> "Double Machine
  Please refer to arXiv e-prints via their arXiv DOI <doi:10.48550/arXiv.YYMM.NNNNN>.
Flavors: r-devel-linux-x86_64-debian-clang, r-devel-linux-x86_64-debian-gcc