Last updated on 2025-07-08 21:48:22 CEST.
Flavor | Version | Tinstall | Tcheck | Ttotal | Status | Flags |
---|---|---|---|---|---|---|
r-devel-linux-x86_64-debian-clang | 0.9.6 | 20.75 | 93.60 | 114.35 | OK | |
r-devel-linux-x86_64-debian-gcc | 0.9.6 | 16.11 | 66.38 | 82.49 | OK | |
r-devel-linux-x86_64-fedora-clang | 0.9.6 | 181.01 | OK | |||
r-devel-linux-x86_64-fedora-gcc | 0.9.6 | 185.97 | OK | |||
r-devel-windows-x86_64 | 0.9.6 | 32.00 | 126.00 | 158.00 | OK | |
r-patched-linux-x86_64 | 0.9.6 | 24.16 | 86.41 | 110.57 | OK | |
r-release-linux-x86_64 | 0.9.6 | 21.42 | 86.65 | 108.07 | OK | |
r-release-macos-arm64 | 0.9.6 | 65.00 | OK | |||
r-release-macos-x86_64 | 0.9.6 | 105.00 | OK | |||
r-release-windows-x86_64 | 0.9.6 | 29.00 | 130.00 | 159.00 | OK | |
r-oldrel-macos-arm64 | 0.9.6 | 53.00 | NOTE | |||
r-oldrel-macos-x86_64 | 0.9.6 | 94.00 | NOTE | |||
r-oldrel-windows-x86_64 | 0.9.6 | 37.00 | 153.00 | 190.00 | NOTE |
Version: 0.9.6
Check: installed package size
Result: NOTE
installed size is 5.2Mb
sub-directories of 1Mb or more:
extdata 2.1Mb
libs 2.3Mb
Flavors: r-oldrel-macos-arm64, r-oldrel-macos-x86_64
Version: 0.9.6
Check: LazyData
Result: NOTE
'LazyData' is specified without a 'data' directory
Flavors: r-oldrel-macos-arm64, r-oldrel-macos-x86_64, r-oldrel-windows-x86_64