Last updated on 2025-07-08 15:49:34 CEST.
Flavor | Version | Tinstall | Tcheck | Ttotal | Status | Flags |
---|---|---|---|---|---|---|
r-devel-linux-x86_64-debian-clang | 0.1 | 3.55 | 34.07 | 37.62 | OK | |
r-devel-linux-x86_64-debian-gcc | 0.1 | 2.30 | 27.51 | 29.81 | OK | |
r-devel-linux-x86_64-fedora-clang | 0.1 | 56.73 | OK | |||
r-devel-linux-x86_64-fedora-gcc | 0.1 | 67.98 | OK | |||
r-devel-windows-x86_64 | 0.1 | 5.00 | 53.00 | 58.00 | OK | |
r-patched-linux-x86_64 | 0.1 | 2.76 | 31.63 | 34.39 | OK | |
r-release-linux-x86_64 | 0.1 | 2.85 | 31.47 | 34.32 | OK | |
r-release-macos-arm64 | 0.1 | 38.00 | OK | |||
r-release-macos-x86_64 | 0.1 | 73.00 | OK | |||
r-release-windows-x86_64 | 0.1 | 5.00 | 53.00 | 58.00 | OK | |
r-oldrel-macos-arm64 | 0.1 | 27.00 | NOTE | |||
r-oldrel-macos-x86_64 | 0.1 | 40.00 | NOTE | |||
r-oldrel-windows-x86_64 | 0.1 | 7.00 | 60.00 | 67.00 | NOTE |
Version: 0.1
Check: LazyData
Result: NOTE
'LazyData' is specified without a 'data' directory
Flavors: r-oldrel-macos-arm64, r-oldrel-macos-x86_64, r-oldrel-windows-x86_64