Last updated on 2025-11-02 06:50:03 CET.
| Flavor | Version | Tinstall | Tcheck | Ttotal | Status | Flags |
|---|---|---|---|---|---|---|
| r-devel-linux-x86_64-debian-clang | 0.1 | 3.45 | 35.18 | 38.63 | OK | |
| r-devel-linux-x86_64-debian-gcc | 0.1 | 2.80 | 28.27 | 31.07 | OK | |
| r-devel-linux-x86_64-fedora-clang | 0.1 | 59.15 | OK | |||
| r-devel-linux-x86_64-fedora-gcc | 0.1 | 70.68 | OK | |||
| r-devel-windows-x86_64 | 0.1 | 5.00 | 50.00 | 55.00 | OK | |
| r-patched-linux-x86_64 | 0.1 | 2.93 | 32.91 | 35.84 | OK | |
| r-release-linux-x86_64 | 0.1 | 2.94 | 32.84 | 35.78 | OK | |
| r-release-macos-arm64 | 0.1 | 2.00 | 36.00 | 38.00 | OK | |
| r-release-macos-x86_64 | 0.1 | 4.00 | 69.00 | 73.00 | OK | |
| r-release-windows-x86_64 | 0.1 | 6.00 | 50.00 | 56.00 | OK | |
| r-oldrel-macos-arm64 | 0.1 | 2.00 | 25.00 | 27.00 | NOTE | |
| r-oldrel-macos-x86_64 | 0.1 | 2.00 | 38.00 | 40.00 | NOTE | |
| r-oldrel-windows-x86_64 | 0.1 | 6.00 | 61.00 | 67.00 | NOTE |
Version: 0.1
Check: LazyData
Result: NOTE
'LazyData' is specified without a 'data' directory
Flavors: r-oldrel-macos-arm64, r-oldrel-macos-x86_64, r-oldrel-windows-x86_64