Last updated on 2025-05-10 17:50:29 CEST.
Flavor | Version | Tinstall | Tcheck | Ttotal | Status | Flags |
---|---|---|---|---|---|---|
r-devel-linux-x86_64-debian-clang | 0.1.0 | 4.66 | 47.44 | 52.10 | OK | |
r-devel-linux-x86_64-debian-gcc | 0.1.0 | 3.51 | 35.42 | 38.93 | OK | |
r-devel-linux-x86_64-fedora-clang | 0.1.0 | 74.75 | NOTE | |||
r-devel-linux-x86_64-fedora-gcc | 0.1.0 | 93.81 | NOTE | |||
r-devel-windows-x86_64 | 0.1.0 | 7.00 | 71.00 | 78.00 | OK | |
r-patched-linux-x86_64 | 0.1.0 | 4.69 | 45.50 | 50.19 | OK | |
r-release-linux-x86_64 | 0.1.0 | 4.01 | 44.36 | 48.37 | OK | |
r-release-macos-arm64 | 0.1.0 | 40.00 | OK | |||
r-release-macos-x86_64 | 0.1.0 | 58.00 | OK | |||
r-release-windows-x86_64 | 0.1.0 | 6.00 | 66.00 | 72.00 | OK | |
r-oldrel-macos-arm64 | 0.1.0 | 30.00 | OK | |||
r-oldrel-macos-x86_64 | 0.1.0 | 46.00 | OK | |||
r-oldrel-windows-x86_64 | 0.1.0 | 9.00 | 75.00 | 84.00 | OK |
Version: 0.1.0
Check: dependencies in R code
Result: NOTE
Namespace in Imports field not imported from: ‘knitr’
All declared Imports should be used.
Flavors: r-devel-linux-x86_64-fedora-clang, r-devel-linux-x86_64-fedora-gcc