Last updated on 2025-05-09 01:50:02 CEST.
Flavor | Version | Tinstall | Tcheck | Ttotal | Status | Flags |
---|---|---|---|---|---|---|
r-devel-linux-x86_64-debian-clang | 1.2-1 | 1.82 | 156.69 | 158.51 | NOTE | |
r-devel-linux-x86_64-debian-gcc | 1.2-1 | 1.57 | 123.15 | 124.72 | NOTE | |
r-devel-linux-x86_64-fedora-clang | 1.2-1 | 274.26 | NOTE | |||
r-devel-linux-x86_64-fedora-gcc | 1.2-1 | 306.66 | NOTE | |||
r-devel-windows-x86_64 | 1.2-1 | 4.00 | 214.00 | 218.00 | NOTE | |
r-patched-linux-x86_64 | 1.2-1 | 1.87 | 169.15 | 171.02 | NOTE | |
r-release-linux-x86_64 | 1.2-1 | 1.93 | 170.54 | 172.47 | NOTE | |
r-release-macos-arm64 | 1.2-1 | 118.00 | NOTE | |||
r-release-macos-x86_64 | 1.2-1 | 215.00 | NOTE | |||
r-release-windows-x86_64 | 1.2-1 | 4.00 | 216.00 | 220.00 | NOTE | |
r-oldrel-macos-arm64 | 1.2-1 | 114.00 | NOTE | |||
r-oldrel-macos-x86_64 | 1.2-1 | 176.00 | NOTE | |||
r-oldrel-windows-x86_64 | 1.2-1 | 4.00 | 243.00 | 247.00 | NOTE |
Version: 1.2-1
Check: Rd files
Result: NOTE
checkRd: (-1) deconv.Rd:85: Lost braces; missing escapes or markup?
85 | \code{tg}, std. error of \eqn{g}, \eqn{G} (the cdf of {g}),
| ^
Flavors: r-devel-linux-x86_64-debian-clang, r-devel-linux-x86_64-debian-gcc, r-devel-linux-x86_64-fedora-clang, r-devel-linux-x86_64-fedora-gcc, r-devel-windows-x86_64, r-patched-linux-x86_64, r-release-linux-x86_64, r-release-macos-arm64, r-release-macos-x86_64, r-release-windows-x86_64, r-oldrel-macos-arm64, r-oldrel-macos-x86_64, r-oldrel-windows-x86_64