CRAN Package Check Results for Package datapasta

Last updated on 2025-05-09 00:50:00 CEST.

Flavor Version Tinstall Tcheck Ttotal Status Flags
r-devel-linux-x86_64-debian-clang 3.1.0 2.81 32.26 35.07 OK
r-devel-linux-x86_64-debian-gcc 3.1.0 1.96 25.18 27.14 OK
r-devel-linux-x86_64-fedora-clang 3.1.0 55.71 OK
r-devel-linux-x86_64-fedora-gcc 3.1.0 67.70 OK
r-devel-windows-x86_64 3.1.0 4.00 56.00 60.00 OK
r-patched-linux-x86_64 3.1.0 3.10 30.89 33.99 OK
r-release-linux-x86_64 3.1.0 2.72 30.72 33.44 OK
r-release-macos-arm64 3.1.0 27.00 OK
r-release-macos-x86_64 3.1.0 52.00 OK
r-release-windows-x86_64 3.1.0 5.00 61.00 66.00 OK
r-oldrel-macos-arm64 3.1.0 26.00 NOTE
r-oldrel-macos-x86_64 3.1.0 40.00 NOTE
r-oldrel-windows-x86_64 3.1.0 5.00 63.00 68.00 NOTE

Check Details

Version: 3.1.0
Check: LazyData
Result: NOTE 'LazyData' is specified without a 'data' directory Flavors: r-oldrel-macos-arm64, r-oldrel-macos-x86_64, r-oldrel-windows-x86_64