Last updated on 2025-10-21 21:51:17 CEST.
Flavor | Version | Tinstall | Tcheck | Ttotal | Status | Flags |
---|---|---|---|---|---|---|
r-devel-linux-x86_64-debian-clang | 1.0.0 | 18.38 | 117.65 | 136.03 | NOTE | |
r-devel-linux-x86_64-debian-gcc | 1.0.0 | 12.07 | 85.58 | 97.65 | NOTE | |
r-devel-linux-x86_64-fedora-clang | 1.0.0 | 48.00 | 154.70 | 202.70 | OK | |
r-devel-linux-x86_64-fedora-gcc | 1.0.0 | 38.00 | 151.51 | 189.51 | OK | |
r-devel-windows-x86_64 | 1.0.0 | 19.00 | 109.00 | 128.00 | OK | |
r-patched-linux-x86_64 | 1.0.0 | 16.96 | 105.88 | 122.84 | OK | |
r-release-linux-x86_64 | 1.0.0 | 18.90 | 104.58 | 123.48 | OK | |
r-release-macos-arm64 | 1.0.0 | 8.00 | 43.00 | 51.00 | OK | |
r-release-macos-x86_64 | 1.0.0 | 15.00 | 76.00 | 91.00 | OK | |
r-release-windows-x86_64 | 1.0.0 | 22.00 | 111.00 | 133.00 | OK | |
r-oldrel-macos-arm64 | 1.0.0 | 8.00 | 46.00 | 54.00 | OK | |
r-oldrel-macos-x86_64 | 1.0.0 | 14.00 | 67.00 | 81.00 | OK | |
r-oldrel-windows-x86_64 | 1.0.0 | 27.00 | 145.00 | 172.00 | OK |
Version: 1.0.0
Check: HTML version of manual
Result: NOTE
Found the following HTML validation problems:
DDM.html:142:1 (DDM.Rd:109): Warning: <h5> anchor "Usage" already defined
DDM.html:159:1 (DDM.Rd:120): Warning: <h5> anchor "Usage" already defined
DDM.html:165:1 (DDM.Rd:124): Warning: <h5> anchor "Arguments" already defined
DDM.html:188:1 (DDM.Rd:137): Warning: <h5> anchor "Usage" already defined
DDM.html:204:1 (DDM.Rd:147): Warning: <h5> anchor "Usage" already defined
DDM.html:210:1 (DDM.Rd:151): Warning: <h5> anchor "Arguments" already defined
EDDM.html:141:1 (EDDM.Rd:110): Warning: <h5> anchor "Usage" already defined
EDDM.html:157:1 (EDDM.Rd:120): Warning: <h5> anchor "Usage" already defined
EDDM.html:163:1 (EDDM.Rd:124): Warning: <h5> anchor "Arguments" already defined
EDDM.html:186:1 (EDDM.Rd:137): Warning: <h5> anchor "Usage" already defined
EDDM.html:192:1 (EDDM.Rd:141): Warning: <h5> anchor "Arguments" already defined
HDDM_A.html:157:1 (HDDM_A.Rd:128): Warning: <h5> anchor "Usage" already defined
HDDM_A.html:163:1 (HDDM_A.Rd:132): Warning: <h5> anchor "Arguments" already defined
HDDM_A.html:186:1 (HDDM_A.Rd:145): Warning: <h5> anchor "Usage" already defined
HDDM_A.html:192:1 (HDDM_A.Rd:149): Warning: <h5> anchor "Arguments" already defined
HDDM_A.html:223:1 (HDDM_A.Rd:170): Warning: <h5> anchor "Usage" already defined
HDDM_A.html:229:1 (HDDM_A.Rd:174): Warning: <h5> anchor "Arguments" already defined
HDDM_A.html:258:1 (HDDM_A.Rd:193): Warning: <h5> anchor "Usage" already defined
HDDM_A.html:274:1 (HDDM_A.Rd:203): Warning: <h5> anchor "Usage" already defined
HDDM_A.html:290:1 (HDDM_A.Rd:213): Warning: <h5> anchor "Usage" already defined
HDDM_A.html:296:1 (HDDM_A.Rd:217): Warning: <h5> anchor "Arguments" already defined
HDDM_W.html:170:1 (HDDM_W.Rd:133): Warning: <h5> anchor "Usage" already defined
HDDM_W.html:176:1 (HDDM_W.Rd:137): Warning: <h5> anchor "Arguments" already defined
HDDM_W.html:199:1 (HDDM_W.Rd:150): Warning: <h5> anchor "Usage" already defined
HDDM_W.html:215:1 (HDDM_W.Rd:160): Warning: <h5> anchor "Usage" already defined
HDDM_W.html:231:1 (HDDM_W.Rd:170): Warning: <h5> anchor "Usage" already defined
HDDM_W.html:237:1 (HDDM_W.Rd:174): Warning: <h5> anchor "Arguments" already defined
HDDM_W.html:271:1 (HDDM_W.Rd:194): Warning: <h5> anchor "Usage" already defined
HDDM_W.html:277:1 (HDDM_W.Rd:198): Warning: <h5> anchor "Arguments" already defined
HDDM_W.html:290:1 (HDDM_W.Rd:205): Warning: <h5> anchor "Returns" already defined
HDDM_W.html:307:1 (HDDM_W.Rd:214): Warning: <h5> anchor "Usage" already defined
HDDM_W.html:313:1 (HDDM_W.Rd:218): Warning: <h5> anchor "Arguments" already defined
HDDM_W.html:326:1 (HDDM_W.Rd:225): Warning: <h5> anchor "Returns" already defined
HDDM_W.html:344:1 (HDDM_W.Rd:235): Warning: <h5> anchor "Usage" already defined
HDDM_W.html:350:1 (HDDM_W.Rd:239): Warning: <h5> anchor "Arguments" already defined
HDDM_W.html:376:1 (HDDM_W.Rd:255): Warning: <h5> anchor "Usage" already defined
HDDM_W.html:382:1 (HDDM_W.Rd:259): Warning: <h5> anchor "Arguments" already defined
HDDM_W.html:407:1 (HDDM_W.Rd:274): Warning: <h5> anchor "Usage" already defined
HDDM_W.html:413:1 (HDDM_W.Rd:278): Warning: <h5> anchor "Arguments" already defined
KLDivergence.html:140:1 (KLDivergence.Rd:94): Warning: <h5> anchor "Usage" already defined
KLDivergence.html:156:1 (KLDivergence.Rd:104): Warning: <h5> anchor "Usage" already defined
KLDivergence.html:162:1 (KLDivergence.Rd:108): Warning: <h5> anchor "Arguments" already defined
KLDivergence.html:185:1 (KLDivergence.Rd:121): Warning: <h5> anchor "Usage" already defined
KLDivergence.html:191:1 (KLDivergence.Rd:125): Warning: <h5> anchor "Arguments" already defined
KLDivergence.html:214:1 (KLDivergence.Rd:138): Warning: <h5> anchor "Usage" already defined
KLDivergence.html:220:1 (KLDivergence.Rd:142): Warning: <h5> anchor "Arguments" already defined
KLDivergence.html:252:1 (KLDivergence.Rd:160): Warning: <h5> anchor "Usage" already defined
KLDivergence.html:258:1 (KLDivergence.Rd:164): Warning: <h5> anchor "Returns" already defined
KLDivergence.html:275:1 (KLDivergence.Rd:173): Warning: <h5> anchor "Usage" already defined
KLDivergence.html:281:1 (KLDivergence.Rd:177): Warning: <h5> anchor "Returns" already defined
KLDivergence.html:298:1 (KLDivergence.Rd:186): Warning: <h5> anchor "Usage" already defined
KLDivergence.html:304:1 (KLDivergence.Rd:190): Warning: <h5> anchor "Arguments" already defined
KSWIN.html:130:1 (KSWIN.Rd:87): Warning: <h5> anchor "Usage" already defined
KSWIN.html:146:1 (KSWIN.Rd:97): Warning: <h5> anchor "Usage" already defined
KSWIN.html:152:1 (KSWIN.Rd:101): Warning: <h5> anchor "Arguments" already defined
KSWIN.html:175:1 (KSWIN.Rd:114): Warning: <h5> anchor "Usage" already defined
KSWIN.html:198:1 (KSWIN.Rd:127): Warning: <h5> anchor "Usage" already defined
KSWIN.html:204:1 (KSWIN.Rd:131): Warning: <h5> anchor "Arguments" already defined
PageHinkley.html:141:1 (PageHinkley.Rd:109): Warning: <h5> anchor "Usage" already defined
PageHinkley.html:157:1 (PageHinkley.Rd:119): Warning: <h5> anchor "Usage" already defined
PageHinkley.html:163:1 (PageHinkley.Rd:123): Warning: <h5> anchor "Arguments" already defined
PageHinkley.html:186:1 (PageHinkley.Rd:136): Warning: <h5> anchor "Usage" already defined
PageHinkley.html:209:1 (PageHinkley.Rd:149): Warning: <h5> anchor "Usage" already defined
PageHinkley.html:215:1 (PageHinkley.Rd:153): Warning: <h5> anchor "Arguments" already defined
ProfileDifference.html:149:1 (ProfileDifference.Rd:102): Warning: <h5> anchor "Usage" already defined
ProfileDifference.html:165:1 (ProfileDifference.Rd:112): Warning: <h5> anchor "Usage" already defined
ProfileDifference.html:171:1 (ProfileDifference.Rd:116): Warning: <h5> anchor "Arguments" already defined
ProfileDifference.html:196:1 (ProfileDifference.Rd:131): Warning: <h5> anchor "Usage" already defined
ProfileDifference.html:219:1 (ProfileDifference.Rd:144): Warning: <h5> anchor "Usage" already defined
ProfileDifference.html:225:1 (ProfileDifference.Rd:148): Warning: <h5> anchor "Arguments" already defined
Flavors: r-devel-linux-x86_64-debian-clang, r-devel-linux-x86_64-debian-gcc