Last updated on 2025-05-12 06:50:14 CEST.
Flavor | Version | Tinstall | Tcheck | Ttotal | Status | Flags |
---|---|---|---|---|---|---|
r-devel-linux-x86_64-debian-clang | 1.1.0 | 5.12 | 98.42 | 103.54 | NOTE | |
r-devel-linux-x86_64-debian-gcc | 1.1.0 | 3.78 | 72.29 | 76.07 | NOTE | |
r-devel-linux-x86_64-fedora-clang | 1.1.0 | 168.62 | OK | |||
r-devel-linux-x86_64-fedora-gcc | 1.1.0 | 175.23 | OK | |||
r-devel-windows-x86_64 | 1.1.0 | 8.00 | 124.00 | 132.00 | NOTE | |
r-patched-linux-x86_64 | 1.1.0 | 6.35 | 93.85 | 100.20 | NOTE | |
r-release-linux-x86_64 | 1.1.0 | 4.24 | 94.86 | 99.10 | NOTE | |
r-release-macos-arm64 | 1.1.0 | 56.00 | OK | |||
r-release-macos-x86_64 | 1.1.0 | 110.00 | OK | |||
r-release-windows-x86_64 | 1.1.0 | 7.00 | 122.00 | 129.00 | NOTE | |
r-oldrel-macos-arm64 | 1.1.0 | 57.00 | OK | |||
r-oldrel-macos-x86_64 | 1.1.0 | 81.00 | OK | |||
r-oldrel-windows-x86_64 | 1.1.0 | 7.00 | 150.00 | 157.00 | OK |
Version: 1.1.0
Check: Rd cross-references
Result: NOTE
Found the following Rd file(s) with Rd \link{} targets missing package
anchors:
Node.Rd: R6Class
as.Node.rpart.Rd: rpart, text.rpart
Please provide package anchors for all Rd \link{} targets not in the
package itself and the base packages.
Flavors: r-devel-linux-x86_64-debian-clang, r-devel-linux-x86_64-debian-gcc, r-devel-windows-x86_64, r-patched-linux-x86_64, r-release-linux-x86_64, r-release-windows-x86_64