Last updated on 2025-05-10 22:50:04 CEST.
Flavor | Version | Tinstall | Tcheck | Ttotal | Status | Flags |
---|---|---|---|---|---|---|
r-devel-linux-x86_64-debian-clang | 1.1.13 | 11.44 | 81.37 | 92.81 | NOTE | |
r-devel-linux-x86_64-debian-gcc | 1.1.13 | 8.01 | 60.81 | 68.82 | NOTE | |
r-devel-linux-x86_64-fedora-clang | 1.1.13 | 141.20 | OK | |||
r-devel-linux-x86_64-fedora-gcc | 1.1.13 | 141.14 | OK | |||
r-devel-windows-x86_64 | 1.1.13 | 13.00 | 92.00 | 105.00 | OK | |
r-patched-linux-x86_64 | 1.1.13 | 10.62 | 77.24 | 87.86 | OK | |
r-release-linux-x86_64 | 1.1.13 | 11.50 | 76.85 | 88.35 | OK | |
r-release-macos-arm64 | 1.1.13 | 39.00 | OK | |||
r-release-macos-x86_64 | 1.1.13 | 78.00 | OK | |||
r-release-windows-x86_64 | 1.1.13 | 14.00 | 93.00 | 107.00 | OK | |
r-oldrel-macos-arm64 | 1.1.13 | 43.00 | OK | |||
r-oldrel-macos-x86_64 | 1.1.13 | 59.00 | OK | |||
r-oldrel-windows-x86_64 | 1.1.13 | 18.00 | 112.00 | 130.00 | OK |
Version: 1.1.13
Check: CRAN incoming feasibility
Result: NOTE
Maintainer: ‘Haydar Demirhan <haydar.demirhan@rmit.edu.au>’
No Authors@R field in DESCRIPTION.
Please add one, modifying
Authors@R: person(given = "Haydar",
family = "Demirhan",
role = c("aut", "cre", "cph"),
email = "haydar.demirhan@rmit.edu.au",
comment = c(ORCID = "0000-0002-8565-4710"))
as necessary.
Flavors: r-devel-linux-x86_64-debian-clang, r-devel-linux-x86_64-debian-gcc