CRAN Package Check Results for Package cotrend

Last updated on 2025-05-11 00:49:33 CEST.

Flavor Version Tinstall Tcheck Ttotal Status Flags
r-devel-linux-x86_64-debian-clang 1.0.2 2.20 21.16 23.36 NOTE
r-devel-linux-x86_64-debian-gcc 1.0.2 1.36 16.98 18.34 NOTE
r-devel-linux-x86_64-fedora-clang 1.0.2 36.68 OK
r-devel-linux-x86_64-fedora-gcc 1.0.2 35.96 OK
r-devel-windows-x86_64 1.0.2 3.00 42.00 45.00 OK
r-patched-linux-x86_64 1.0.2 2.01 20.30 22.31 OK
r-release-linux-x86_64 1.0.2 1.75 20.55 22.30 OK
r-release-macos-arm64 1.0.2 20.00 OK
r-release-macos-x86_64 1.0.2 25.00 OK
r-release-windows-x86_64 1.0.2 3.00 46.00 49.00 OK
r-oldrel-macos-arm64 1.0.2 17.00 OK
r-oldrel-macos-x86_64 1.0.2 22.00 OK
r-oldrel-windows-x86_64 1.0.2 4.00 48.00 52.00 OK

Check Details

Version: 1.0.2
Check: CRAN incoming feasibility
Result: NOTE Maintainer: ‘A. Christian Silva <a.christian.silva@gmail.com>’ No Authors@R field in DESCRIPTION. Please add one, modifying Authors@R: person(given = c("A.", "Christian"), family = "Silva", role = c("aut", "cre"), email = "a.christian.silva@gmail.com") as necessary. Flavors: r-devel-linux-x86_64-debian-clang, r-devel-linux-x86_64-debian-gcc