Last updated on 2025-10-31 18:51:01 CET.
| Flavor | Version | Tinstall | Tcheck | Ttotal | Status | Flags | 
|---|---|---|---|---|---|---|
| r-devel-linux-x86_64-debian-clang | 0.0.3 | 2.24 | 21.19 | 23.43 | NOTE | |
| r-devel-linux-x86_64-debian-gcc | 0.0.3 | 1.59 | 17.73 | 19.32 | NOTE | |
| r-devel-linux-x86_64-fedora-clang | 0.0.3 | 32.78 | OK | |||
| r-devel-linux-x86_64-fedora-gcc | 0.0.3 | 31.85 | OK | |||
| r-devel-windows-x86_64 | 0.0.3 | 4.00 | 39.00 | 43.00 | OK | |
| r-patched-linux-x86_64 | 0.0.3 | 2.47 | 20.21 | 22.68 | OK | |
| r-release-linux-x86_64 | 0.0.3 | 2.33 | 20.47 | 22.80 | OK | |
| r-release-macos-arm64 | 0.0.3 | 1.00 | 16.00 | 17.00 | OK | |
| r-release-macos-x86_64 | 0.0.3 | 2.00 | 23.00 | 25.00 | OK | |
| r-release-windows-x86_64 | 0.0.3 | 3.00 | 45.00 | 48.00 | OK | |
| r-oldrel-macos-arm64 | 0.0.3 | 1.00 | 14.00 | 15.00 | OK | |
| r-oldrel-macos-x86_64 | 0.0.3 | 2.00 | 20.00 | 22.00 | OK | |
| r-oldrel-windows-x86_64 | 0.0.3 | 3.00 | 41.00 | 44.00 | OK | 
Version: 0.0.3
Check: CRAN incoming feasibility
Result: NOTE
  Maintainer: ‘Weiliang Qiu <stwxq@channing.harvard.edu>’
  
  No Authors@R field in DESCRIPTION.
  Please add one, modifying
    Authors@R: c(person(given = "Bernard",
                        family = "Rosner",
                        role = "aut"),
                 person(given = "Shelley",
                        family = "Tworoger",
                        role = "aut"),
                 person(given = "Weiliang",
                        family = "Qiu",
                        role = c("aut", "cre"),
                        email = "stwxq@channing.harvard.edu"))
  as necessary.
Flavors: r-devel-linux-x86_64-debian-clang, r-devel-linux-x86_64-debian-gcc