Last updated on 2025-11-04 13:50:12 CET.
| Flavor | Version | Tinstall | Tcheck | Ttotal | Status | Flags |
|---|---|---|---|---|---|---|
| r-devel-linux-x86_64-debian-clang | 0.9.5 | 38.54 | 28.23 | 66.77 | NOTE | |
| r-devel-linux-x86_64-debian-gcc | 0.9.5 | 26.16 | 22.55 | 48.71 | NOTE | |
| r-devel-linux-x86_64-fedora-clang | 0.9.5 | 63.00 | 53.65 | 116.65 | OK | |
| r-devel-linux-x86_64-fedora-gcc | 0.9.5 | 79.00 | 29.85 | 108.85 | OK | |
| r-devel-windows-x86_64 | 0.9.5 | 41.00 | 62.00 | 103.00 | NOTE | |
| r-patched-linux-x86_64 | 0.9.5 | 37.04 | 25.63 | 62.67 | NOTE | |
| r-release-linux-x86_64 | 0.9.5 | 37.24 | 25.53 | 62.77 | NOTE | |
| r-release-macos-arm64 | 0.9.5 | 14.00 | 18.00 | 32.00 | OK | |
| r-release-macos-x86_64 | 0.9.5 | 17.00 | 27.00 | 44.00 | OK | |
| r-release-windows-x86_64 | 0.9.5 | 43.00 | 61.00 | 104.00 | NOTE | |
| r-oldrel-macos-arm64 | 0.9.5 | 13.00 | 19.00 | 32.00 | OK | |
| r-oldrel-macos-x86_64 | 0.9.5 | 15.00 | 24.00 | 39.00 | OK | |
| r-oldrel-windows-x86_64 | 0.9.5 | 48.00 | 73.00 | 121.00 | OK |
Version: 0.9.5
Check: Rd cross-references
Result: NOTE
Found the following Rd file(s) with Rd \link{} targets missing package
anchors:
CoreCollection.Rd: R6Class
dot-CoreCollectionClass.Rd: R6Class
Please provide package anchors for all Rd \link{} targets not in the
package itself and the base packages.
Flavors: r-devel-linux-x86_64-debian-clang, r-devel-linux-x86_64-debian-gcc, r-devel-windows-x86_64, r-patched-linux-x86_64, r-release-linux-x86_64, r-release-windows-x86_64