Last updated on 2025-05-08 16:54:15 CEST.
Flavor | Version | Tinstall | Tcheck | Ttotal | Status | Flags |
---|---|---|---|---|---|---|
r-devel-linux-x86_64-debian-clang | 1.0.6 | 438.15 | 179.41 | 617.56 | OK | |
r-devel-linux-x86_64-debian-gcc | 1.0.6 | 426.75 | 165.11 | 591.86 | OK | |
r-devel-linux-x86_64-fedora-clang | 1.0.6 | 961.26 | OK | |||
r-devel-linux-x86_64-fedora-gcc | 1.0.6 | 1435.92 | OK | |||
r-devel-windows-x86_64 | 1.0.6 | 511.00 | 233.00 | 744.00 | OK | |
r-patched-linux-x86_64 | 1.0.6 | 564.26 | 222.36 | 786.62 | OK | |
r-release-linux-x86_64 | 1.0.6 | 540.86 | 221.56 | 762.42 | OK | |
r-release-macos-arm64 | 1.0.6 | 228.00 | OK | |||
r-release-macos-x86_64 | 1.0.6 | 349.00 | OK | |||
r-release-windows-x86_64 | 1.0.6 | 502.00 | 242.00 | 744.00 | OK | |
r-oldrel-macos-arm64 | 1.0.6 | 141.00 | NOTE | |||
r-oldrel-macos-x86_64 | 1.0.6 | 152.00 | NOTE | |||
r-oldrel-windows-x86_64 | 1.0.6 | 569.00 | 281.00 | 850.00 | NOTE |
Version: 1.0.6
Check: installed package size
Result: NOTE
installed size is 101.0Mb
sub-directories of 1Mb or more:
libs 99.8Mb
Flavors: r-oldrel-macos-arm64, r-oldrel-macos-x86_64, r-oldrel-windows-x86_64
Version: 1.0.6
Check: for GNU extensions in Makefiles
Result: NOTE
GNU make is a SystemRequirements.
Flavors: r-oldrel-macos-arm64, r-oldrel-macos-x86_64, r-oldrel-windows-x86_64