Last updated on 2025-10-22 14:51:16 CEST.
Flavor | Version | Tinstall | Tcheck | Ttotal | Status | Flags |
---|---|---|---|---|---|---|
r-devel-linux-x86_64-debian-clang | 0.4.0 | 6.89 | 76.08 | 82.97 | NOTE | |
r-devel-linux-x86_64-debian-gcc | 0.4.0 | 5.02 | 57.52 | 62.54 | NOTE | |
r-devel-linux-x86_64-fedora-clang | 0.4.0 | 88.83 | OK | |||
r-devel-linux-x86_64-fedora-gcc | 0.4.0 | 14.00 | 118.08 | 132.08 | OK | |
r-devel-windows-x86_64 | 0.4.0 | 7.00 | 103.00 | 110.00 | OK | |
r-patched-linux-x86_64 | 0.4.0 | 6.83 | 72.96 | 79.79 | OK | |
r-release-linux-x86_64 | 0.4.0 | 6.62 | 72.45 | 79.07 | OK | |
r-release-macos-arm64 | 0.4.0 | 3.00 | 56.00 | 59.00 | OK | |
r-release-macos-x86_64 | 0.4.0 | 9.00 | 99.00 | 108.00 | OK | |
r-release-windows-x86_64 | 0.4.0 | 8.00 | 108.00 | 116.00 | OK | |
r-oldrel-macos-arm64 | 0.4.0 | 3.00 | 42.00 | 45.00 | OK | |
r-oldrel-macos-x86_64 | 0.4.0 | 12.00 | 146.00 | 158.00 | OK | |
r-oldrel-windows-x86_64 | 0.4.0 | 9.00 | 120.00 | 129.00 | OK |
Version: 0.4.0
Check: CRAN incoming feasibility
Result: NOTE
Maintainer: ‘Bill Venables <Bill.Venables@gmail.com>’
No Authors@R field in DESCRIPTION.
Please add one, modifying
Authors@R: person(given = "Bill",
family = "Venables",
role = c("aut", "cre"),
email = "bill.venables@gmail.com")
as necessary.
Flavors: r-devel-linux-x86_64-debian-clang, r-devel-linux-x86_64-debian-gcc